{"id":1468,"date":"2018-04-24T20:01:51","date_gmt":"2018-04-24T18:01:51","guid":{"rendered":"http:\/\/www.1ciedarcdevincennes.fr\/?page_id=1468"},"modified":"2018-04-29T17:32:41","modified_gmt":"2018-04-29T15:32:41","slug":"bouquet-provincial-le-20-mai-2018","status":"publish","type":"page","link":"https:\/\/www.1ciedarcdevincennes.fr\/index.php\/actualites\/actualites-2018\/bouquet-provincial-le-20-mai-2018\/","title":{"rendered":"Bouquet Provincial le 20 Mai 2018 \u00e0 Angy"},"content":{"rendered":"<p><span style=\"font-family: 'comic sans ms', sans-serif; font-size: 14pt;\">Le Bouquet Provincial est une f\u00eate traditionnelle pour le tir Beursault, l\u2019ann\u00e9e derni\u00e8re 288 compagnies et clubs ont particip\u00e9 \u00e0 cet \u00e9v\u00e9nement avec pr\u00e8s de 3000 archers. Cette manifestation a lieu chaque ann\u00e9e entre Mai et Juin.<\/span><\/p>\n<p><span style=\"font-family: 'comic sans ms', sans-serif; font-size: 14pt;\">Cette ann\u00e9e le bouquet est organis\u00e9 par la 2\u00e8me compagnie d\u2019Arc d\u2019Angy (60) et la grande parade aura lieu le Dimanche 20 Mai 2018.<\/span><\/p>\n<p><span style=\"font-family: 'comic sans ms', sans-serif; font-size: 14pt;\">Le Prix du Bouquet se d\u00e9roulera du 21 Mai au 16 Septembre 2018.<\/span><\/p>\n<p>&nbsp;<\/p>\n<p style=\"text-align: center;\"><span style=\"font-family: 'comic sans ms', sans-serif; font-size: 14pt;\">Au programme :<\/span><\/p>\n<p>&nbsp;<\/p>\n<p><img loading=\"lazy\" class=\"alignleft wp-image-1469\" src=\"https:\/\/www.1ciedarcdevincennes.fr\/wp-content\/uploads\/2018\/04\/angy-bouquet-provincial.jpg\" alt=\"angy-bouquet-provincial\" width=\"354\" height=\"500\" srcset=\"https:\/\/www.1ciedarcdevincennes.fr\/wp-content\/uploads\/2018\/04\/angy-bouquet-provincial.jpg 543w, https:\/\/www.1ciedarcdevincennes.fr\/wp-content\/uploads\/2018\/04\/angy-bouquet-provincial-212x300.jpg 212w, https:\/\/www.1ciedarcdevincennes.fr\/wp-content\/uploads\/2018\/04\/angy-bouquet-provincial-230x325.jpg 230w, https:\/\/www.1ciedarcdevincennes.fr\/wp-content\/uploads\/2018\/04\/angy-bouquet-provincial-350x495.jpg 350w, https:\/\/www.1ciedarcdevincennes.fr\/wp-content\/uploads\/2018\/04\/angy-bouquet-provincial-480x679.jpg 480w\" sizes=\"(max-width: 354px) 100vw, 354px\" \/><\/p>\n<p style=\"text-align: center;\"><span style=\"font-family: 'comic sans ms', sans-serif; font-size: 14pt;\">4h30-8h00 : Accueil des Drapeaux<img loading=\"lazy\" class=\"alignright wp-image-1477\" src=\"https:\/\/www.1ciedarcdevincennes.fr\/wp-content\/uploads\/2018\/04\/carte-bouquet-2018-Angy.jpg\" alt=\"carte-bouquet-2018-Angy\" width=\"321\" height=\"500\" srcset=\"https:\/\/www.1ciedarcdevincennes.fr\/wp-content\/uploads\/2018\/04\/carte-bouquet-2018-Angy.jpg 983w, https:\/\/www.1ciedarcdevincennes.fr\/wp-content\/uploads\/2018\/04\/carte-bouquet-2018-Angy-193x300.jpg 193w, https:\/\/www.1ciedarcdevincennes.fr\/wp-content\/uploads\/2018\/04\/carte-bouquet-2018-Angy-768x1195.jpg 768w, https:\/\/www.1ciedarcdevincennes.fr\/wp-content\/uploads\/2018\/04\/carte-bouquet-2018-Angy-658x1024.jpg 658w, https:\/\/www.1ciedarcdevincennes.fr\/wp-content\/uploads\/2018\/04\/carte-bouquet-2018-Angy-830x1292.jpg 830w, https:\/\/www.1ciedarcdevincennes.fr\/wp-content\/uploads\/2018\/04\/carte-bouquet-2018-Angy-230x358.jpg 230w, https:\/\/www.1ciedarcdevincennes.fr\/wp-content\/uploads\/2018\/04\/carte-bouquet-2018-Angy-350x545.jpg 350w, https:\/\/www.1ciedarcdevincennes.fr\/wp-content\/uploads\/2018\/04\/carte-bouquet-2018-Angy-480x747.jpg 480w\" sizes=\"(max-width: 321px) 100vw, 321px\" \/><\/span><\/p>\n<p style=\"text-align: center;\"><span style=\"font-family: 'comic sans ms', sans-serif; font-size: 14pt;\">8h00 : \u00e9change des Bouquets<\/span><\/p>\n<p style=\"text-align: center;\"><span style=\"font-family: 'comic sans ms', sans-serif; font-size: 14pt;\">08h30 : d\u00e9p\u00f4t de gerbe au monument aux morts<\/span><\/p>\n<p style=\"text-align: center;\"><span style=\"font-family: 'comic sans ms', sans-serif; font-size: 14pt;\">08h45 : Mise en place du d\u00e9fil\u00e9<\/span><\/p>\n<p style=\"text-align: center;\"><span style=\"font-family: 'comic sans ms', sans-serif; font-size: 14pt;\">09h00\u00a0: D\u00e9part de la parade\u00a0<\/span><\/p>\n<p style=\"text-align: center;\"><span style=\"font-family: 'comic sans ms', sans-serif; font-size: 14pt;\">11h30 : Messe<\/span><\/p>\n<p style=\"text-align: center;\"><span style=\"font-family: 'comic sans ms', sans-serif; font-size: 14pt;\">12h30 Fin de la messe, discours des officiels et d\u00e9pose de la relique de St\u00a0 S\u00e9bastien dans l\u2019\u00e9glise<\/span><\/p>\n<p style=\"text-align: center;\"><span style=\"font-family: 'comic sans ms', sans-serif; font-size: 14pt;\">Ouverture de l\u2019\u00e9glise avec expositions sur l\u2019archerie<\/span><\/p>\n<p>&nbsp;<\/p>\n<p style=\"text-align: center;\"><span style=\"font-family: 'comic sans ms', sans-serif; font-size: 14pt;\">14h00 \u2013 18h00 Au jeu d\u2019Arc<\/span><\/p>\n<p style=\"text-align: center;\"><span style=\"font-family: 'comic sans ms', sans-serif; font-size: 14pt;\">Tir aux assiettes<\/span><\/p>\n<p style=\"text-align: center;\"><span style=\"font-family: 'comic sans ms', sans-serif; font-size: 14pt;\">Tir \u00e0 la perche horizontale<\/span><\/p>\n<p style=\"text-align: center;\"><span style=\"font-family: 'comic sans ms', sans-serif; font-size: 14pt;\">Initiation \u00e0 l\u2019arc droit<\/span><\/p>\n<p style=\"text-align: center;\"><span style=\"font-family: 'comic sans ms', sans-serif; font-size: 14pt;\">Et March\u00e9 m\u00e9di\u00e9val<\/span><\/p>\n<p>&nbsp;<\/p>\n<p style=\"text-align: center;\"><span style=\"font-family: 'comic sans ms', sans-serif; font-size: 14pt;\">Venez nombreux !<\/span><\/p>\n<p>&nbsp;<\/p>\n<p><span style=\"font-family: 'comic sans ms', sans-serif; font-size: 14pt;\">Plus d\u2019informations, ainsi que le mandat du tir sur le site de l\u2019\u00e9v\u00e8nement : <a href=\"http:\/\/www.bouquetprovincial.fr\/\" target=\"_blank\">http:\/\/www.bouquetprovincial.fr\/<\/a><\/span><\/p>\n<p>&nbsp;<\/p>\n<p><span style=\"font-family: 'comic sans ms', sans-serif; font-size: 14pt;\">Le saviez-vous\u00a0? La compagnie de Vincennes a \u00e9galement organis\u00e9 cet \u00e9v\u00e9nement pr\u00e9pond\u00e9rant, d\u00e9couvrez-en plus sur notre page d\u00e9di\u00e9e \u00e0 l\u2019histoire du bouquet :<\/span><\/p>\n<p>&nbsp;<\/p>\n<ul>\n<li><span style=\"font-family: 'comic sans ms', sans-serif; font-size: 14pt;\"><a href=\"https:\/\/www.1ciedarcdevincennes.fr\/index.php\/histoire-et-traditions\/bouquet-provincial\/\">Bouquet Provincial<\/a><\/span><\/li>\n<\/ul>\n","protected":false},"excerpt":{"rendered":"<p>Le Bouquet Provincial est une f\u00eate traditionnelle pour le tir Beursault, l\u2019ann\u00e9e derni\u00e8re 288 compagnies et clubs ont particip\u00e9 \u00e0 cet \u00e9v\u00e9nement [&hellip;]<\/p>\n","protected":false},"author":1,"featured_media":0,"parent":1298,"menu_order":0,"comment_status":"closed","ping_status":"closed","template":"page-templates\/page_fullwidth.php","meta":{"_mc_calendar":[]},"_links":{"self":[{"href":"https:\/\/www.1ciedarcdevincennes.fr\/index.php\/wp-json\/wp\/v2\/pages\/1468"}],"collection":[{"href":"https:\/\/www.1ciedarcdevincennes.fr\/index.php\/wp-json\/wp\/v2\/pages"}],"about":[{"href":"https:\/\/www.1ciedarcdevincennes.fr\/index.php\/wp-json\/wp\/v2\/types\/page"}],"author":[{"embeddable":true,"href":"https:\/\/www.1ciedarcdevincennes.fr\/index.php\/wp-json\/wp\/v2\/users\/1"}],"replies":[{"embeddable":true,"href":"https:\/\/www.1ciedarcdevincennes.fr\/index.php\/wp-json\/wp\/v2\/comments?post=1468"}],"version-history":[{"count":8,"href":"https:\/\/www.1ciedarcdevincennes.fr\/index.php\/wp-json\/wp\/v2\/pages\/1468\/revisions"}],"predecessor-version":[{"id":1481,"href":"https:\/\/www.1ciedarcdevincennes.fr\/index.php\/wp-json\/wp\/v2\/pages\/1468\/revisions\/1481"}],"up":[{"embeddable":true,"href":"https:\/\/www.1ciedarcdevincennes.fr\/index.php\/wp-json\/wp\/v2\/pages\/1298"}],"wp:attachment":[{"href":"https:\/\/www.1ciedarcdevincennes.fr\/index.php\/wp-json\/wp\/v2\/media?parent=1468"}],"curies":[{"name":"wp","href":"https:\/\/api.w.org\/{rel}","templated":true}]}}