{"id":1648,"date":"2018-11-10T11:10:45","date_gmt":"2018-11-10T10:10:45","guid":{"rendered":"http:\/\/www.1ciedarcdevincennes.fr\/?page_id=1648"},"modified":"2018-11-15T19:29:07","modified_gmt":"2018-11-15T18:29:07","slug":"resultats-du-concours-de-vincennes","status":"publish","type":"page","link":"https:\/\/www.1ciedarcdevincennes.fr\/index.php\/actualites\/actualites-2018\/resultats-du-concours-de-vincennes\/","title":{"rendered":"R\u00e9sultats du concours de Vincennes"},"content":{"rendered":"<p>&nbsp;<\/p>\n<p><span style=\"font-family: comic sans ms, sans-serif; font-size: 14pt;\">Cette ann\u00e9e encore, la ville de Vincennes a organis\u00e9 son concours de tir \u00e0 l\u2019arc en salle, dans le gymnase Pompidou, les 3 et 4 Novembre.<\/span><\/p>\n<p><img loading=\"lazy\" class=\"aligncenter wp-image-1647\" src=\"https:\/\/www.1ciedarcdevincennes.fr\/wp-content\/uploads\/2018\/11\/CS-2018-1.jpg\" alt=\"CS-2018-1\" width=\"710\" height=\"532\" srcset=\"https:\/\/www.1ciedarcdevincennes.fr\/wp-content\/uploads\/2018\/11\/CS-2018-1.jpg 1024w, https:\/\/www.1ciedarcdevincennes.fr\/wp-content\/uploads\/2018\/11\/CS-2018-1-300x225.jpg 300w, https:\/\/www.1ciedarcdevincennes.fr\/wp-content\/uploads\/2018\/11\/CS-2018-1-768x576.jpg 768w, https:\/\/www.1ciedarcdevincennes.fr\/wp-content\/uploads\/2018\/11\/CS-2018-1-830x623.jpg 830w, https:\/\/www.1ciedarcdevincennes.fr\/wp-content\/uploads\/2018\/11\/CS-2018-1-230x173.jpg 230w, https:\/\/www.1ciedarcdevincennes.fr\/wp-content\/uploads\/2018\/11\/CS-2018-1-350x263.jpg 350w, https:\/\/www.1ciedarcdevincennes.fr\/wp-content\/uploads\/2018\/11\/CS-2018-1-480x360.jpg 480w\" sizes=\"(max-width: 710px) 100vw, 710px\" \/><\/p>\n<p><span style=\"font-family: comic sans ms, sans-serif; font-size: 14pt;\">Ce concours \u00e9tait s\u00e9lectif pour les championnats de France et en sa qualit\u00e9 de \u00ab\u00a0Target\u00a0\u00bb se d\u00e9roulait selon les r\u00e8gles de la f\u00e9d\u00e9ration internationale (Word Archey) permettant ainsi l\u2019homologation des scores par les plus hautes instances et l\u2019obtention de distinctions reconnues mondialement, les fameuses \u00ab Targets\u00a0\u00bb.<\/span><\/p>\n<p><span style=\"font-family: comic sans ms, sans-serif; font-size: 14pt;\">Il est vrai que l\u2019air \u00e9tait un peu frisquet ce week-end dans le gymnase, mais l\u2019ambiance chaleureuse dispens\u00e9e par les 227 archers pr\u00e9sents a su en venir \u00e0 bout.<\/span><\/p>\n<p><span style=\"font-family: comic sans ms, sans-serif; font-size: 14pt;\">Si les archers de Paris trois Lys sont, comme l\u2019an dernier, venus les plus nombreux, ce sont les archers de Biars-Bretenoux (anciens de la Compagnie de Vincennes) qui sont venus du plus loin franchissant plus de 500km pour participer au concours.<\/span><\/p>\n<p><span style=\"font-family: comic sans ms, sans-serif; font-size: 14pt;\">Cot\u00e9 r\u00e9sultats, Rosny CSL remporte la victoire dans 4 cat\u00e9gories distinctes, suivi par Aulnay sous-bois et Paris 13 \u00e0 \u00e9galit\u00e9 avec 3 victoires.<\/span><\/p>\n<p><span style=\"font-family: comic sans ms, sans-serif; font-size: 14pt;\">La ville de Vincennes a, comme \u00e0 son habitude, offert et remis les troph\u00e9es r\u00e9compensant les meilleurs \u00e9quipes hommes, femmes et jeunes pour chaque armes (classiques et poulies).<\/span><\/p>\n<p>&nbsp;<\/p>\n<p><span style=\"font-family: comic sans ms, sans-serif; font-size: 14pt;\">Le classement final du concours est disponible sur le lien suivant :<br \/>\n<\/span><\/p>\n<p><span style=\"font-family: comic sans ms, sans-serif; font-size: 14pt;\"><a title=\"Classement qualificatif du concours en salle de Vincennes 2018\" href=\"https:\/\/www.1ciedarcdevincennes.fr\/wp-content\/uploads\/2018\/11\/Classement-Qualificatif-vincennes-34-11-18.pdf\" target=\"_blank\">Classement qualificatif du concours en salle de Vincennes 2018<\/a><\/span><\/p>\n<p><span style=\"font-family: comic sans ms, sans-serif; font-size: 14pt;\"><a title=\"R\u00e9sultat par \u00e9quipe\" href=\"https:\/\/www.1ciedarcdevincennes.fr\/wp-content\/uploads\/2018\/11\/ETAT_resultat_equipe2.pdf\" target=\"_blank\">R\u00e9sultat par \u00e9quipe<\/a><\/span><\/p>\n<p>&nbsp;<\/p>\n<p><span style=\"font-family: comic sans ms, sans-serif; font-size: 14pt;\">Nous profitons de ce court article pour remercier tous ceux qui ont pu et bien voulu aider au bon d\u00e9roulement de ce concours et plus particuli\u00e8rement (et par ordre alphab\u00e9tique) David, Julie et Michel pour l\u2019organisation et le pilotage de cet \u00e9v\u00e9nement.<\/span><\/p>\n<p>&nbsp;<\/p>\n<p><span style=\"font-family: comic sans ms, sans-serif; font-size: 14pt;\">Julien<\/span><\/p>\n<p><span style=\"font-family: comic sans ms, sans-serif; font-size: 14pt;\">PS merci \u00e0 J\u00e9r\u00f4me pour la relecture et l&rsquo;eaurrtoguraf.<\/span><\/p>\n<p>&nbsp;<\/p>\n<p style=\"text-align: left;\">\u00a0<div id=\"grid-gallery-13-29233\" data-gg-id=\"13\" data-title=\"Concours en salle 2018\" data-grid-type=\"0\" data-offset=\"5.3\" data-area-position=\"center\" data-icons=\"false\" data-preloader=\"\" data-width=\"215\" data-height=\"215\" data-padding=\"\" data-quicksand=\"disabled\" data-quicksand-duration=\"none\" data-popup-theme=\"theme_6\" data-popup-type=\"pretty-photo\" data-popup-image-text=\"title\" data-popup-widthsize=\"auto\" data-popup-heightsize=\"auto\" data-popup-i18n-words=\"{&quot;close&quot;:&quot;fermer&quot;,&quot;next&quot;:&quot;suivant&quot;,&quot;previous&quot;:&quot;pr\\u00e9c\\u00e9dent&quot;,&quot;start_slideshow&quot;:&quot;d\\u00e9marrer le diaporama&quot;,&quot;stop_slideshow&quot;:&quot;arr\\u00e9ter le diaporama&quot;,&quot;image&quot;:&quot;image&quot;,&quot;of&quot;:&quot;de&quot;,&quot;prev&quot;:&quot;pr\\u00e9c.&quot;,&quot;cExpand&quot;:&quot;Agrandir&quot;,&quot;cPrevious&quot;:&quot;Pr\\u00e9c\\u00e9dent&quot;,&quot;cNext&quot;:&quot;Suivant&quot;,&quot;cExpandStr&quot;:&quot;Agrandir l&#039;image&quot;,&quot;cRotate&quot;:&quot;Pivoter&quot;,&quot;cDetails&quot;:&quot;Details&quot;}\" data-popup-slideshow=\"false\" data-popup-slideshow-speed=\"2500\" data-popup-hoverstop=\"true\" data-popup-slideshow-auto=\"false\" data-popup-background=\"\" data-popup-transparency=\"30\" data-popup-disable-history=\"\" data-popup-disable-changed-url=\"\" data-popup-border-type=\"\" data-popup-border-color=\"\" data-popup-border-width=\"\" data-popup-border-enable=\"\" data-fullscreen=\"false\" data-hide-tooltip=\"\" data-caption-font-family=\"\" data-caption-text-size=\"14px\" data-is-mobile=\"0\" data-caption-mobile=\"false\" data-hide-long-tltp-title=\"0\" data-caption-disabled-on-mobile=\"false\" data-popup-placement-type=\"0\" data-social-sharing=\"{&quot;enabled&quot;:null,&quot;gallerySharing&quot;:{&quot;enabled&quot;:null,&quot;position&quot;:null},&quot;imageSharing&quot;:{&quot;enabled&quot;:null,&quot;wrapperClass&quot;:&quot; vertical \\n &quot;},&quot;popupSharing&quot;:{&quot;enabled&quot;:null,&quot;wrapperClass&quot;:&quot; vertical \\n &quot;}}\" class=\"grid-gallery grid-gallery-fixed \" style=\" width:100%; height:auto ; margin-left:auto; margin-right:auto; position:relative;\" > <div class=\"gallery-loading\"> <div class=\"blocks\"> <div class=\"block\"><\/div> <div class=\"block\"><\/div> <div class=\"block\"><\/div> <div class=\"block\"><\/div> <\/div> <\/div> <div class=\"gallery-sharing-top\"><\/div> <div id=\"photos-13\" class=\"grid-gallery-photos \" > <a id=\"gg-13-178\" class=\"gg-link \" data-attachment-id=\"1647\" href=\"https:\/\/www.1ciedarcdevincennes.fr\/wp-content\/uploads\/2018\/11\/CS-2018-1.jpg?gid=13\" target=\"_self\" title=\"CS-2018-1\" data-rel=\"prettyPhoto[pp_gal]\" style=\"border-radius: 0px;\" ><FIGURE class=\"grid-gallery-caption \" data-grid-gallery-type=\"quarter-slide-up\" data-index=\"0\" style=\"display:none;border-radius: 0px; ; margin: 5.3px; width:215px;\" ><div class=\"crop \" style=\" width:215px; height:215px; overflow:hidden; \"><img src=\"http:\/\/www.1ciedarcdevincennes.fr\/wp-content\/uploads\/2018\/11\/CS-2018-1-215x215.jpg\" class=\"ggImg\" alt=\"CS-2018-1\" title=\"CS-2018-1\" data-description=\"CS-2018-1\" data-caption=\"CS-2018-1\" data-title=\"CS-2018-1\" style=\" width:215px; height:215px; \" \/><\/div><FIGCAPTION class=\"\" data-alpha=\"5\" style=\"color:#ffffff; background-color:#6f0000; font-size:14px; text-align:2; font-family:;\" ><div class=\"grid-gallery-figcaption-wrap\" style=\" vertical-align:; \"><\/div><\/FIGCAPTION><\/FIGURE><\/a> <a id=\"gg-13-177\" class=\"gg-link \" data-attachment-id=\"1653\" href=\"https:\/\/www.1ciedarcdevincennes.fr\/wp-content\/uploads\/2018\/11\/CS-2018-2.jpg?gid=13\" target=\"_self\" title=\"CS-2018-2\" data-rel=\"prettyPhoto[pp_gal]\" style=\"border-radius: 0px;\" ><FIGURE class=\"grid-gallery-caption \" data-grid-gallery-type=\"quarter-slide-up\" data-index=\"1\" style=\"display:none;border-radius: 0px; ; margin: 5.3px; width:215px;\" ><div class=\"crop \" style=\" width:215px; height:215px; overflow:hidden; \"><img src=\"http:\/\/www.1ciedarcdevincennes.fr\/wp-content\/uploads\/2018\/11\/CS-2018-2-215x215.jpg\" class=\"ggImg\" alt=\"CS-2018-2\" title=\"CS-2018-2\" data-description=\"CS-2018-2\" data-caption=\"CS-2018-2\" data-title=\"CS-2018-2\" style=\" width:215px; height:215px; \" \/><\/div><FIGCAPTION class=\"\" data-alpha=\"5\" style=\"color:#ffffff; background-color:#6f0000; font-size:14px; text-align:2; font-family:;\" ><div class=\"grid-gallery-figcaption-wrap\" style=\" vertical-align:; \"><\/div><\/FIGCAPTION><\/FIGURE><\/a> <a id=\"gg-13-176\" class=\"gg-link \" data-attachment-id=\"1654\" href=\"https:\/\/www.1ciedarcdevincennes.fr\/wp-content\/uploads\/2018\/11\/CS-2018-3.jpg?gid=13\" target=\"_self\" title=\"CS-2018-3\" data-rel=\"prettyPhoto[pp_gal]\" style=\"border-radius: 0px;\" ><FIGURE class=\"grid-gallery-caption \" data-grid-gallery-type=\"quarter-slide-up\" data-index=\"2\" style=\"display:none;border-radius: 0px; ; margin: 5.3px; width:215px;\" ><div class=\"crop \" style=\" width:215px; height:215px; overflow:hidden; \"><img src=\"http:\/\/www.1ciedarcdevincennes.fr\/wp-content\/uploads\/2018\/11\/CS-2018-3-215x215.jpg\" class=\"ggImg\" alt=\"CS-2018-3\" title=\"CS-2018-3\" data-description=\"CS-2018-3\" data-caption=\"CS-2018-3\" data-title=\"CS-2018-3\" style=\" width:215px; height:215px; \" \/><\/div><FIGCAPTION class=\"\" data-alpha=\"5\" style=\"color:#ffffff; background-color:#6f0000; font-size:14px; text-align:2; font-family:;\" ><div class=\"grid-gallery-figcaption-wrap\" style=\" vertical-align:; \"><\/div><\/FIGCAPTION><\/FIGURE><\/a> <a id=\"gg-13-175\" class=\"gg-link \" data-attachment-id=\"1655\" href=\"https:\/\/www.1ciedarcdevincennes.fr\/wp-content\/uploads\/2018\/11\/CS-2018-4.jpg?gid=13\" target=\"_self\" title=\"CS-2018-4\" data-rel=\"prettyPhoto[pp_gal]\" style=\"border-radius: 0px;\" ><FIGURE class=\"grid-gallery-caption \" data-grid-gallery-type=\"quarter-slide-up\" data-index=\"3\" style=\"display:none;border-radius: 0px; ; margin: 5.3px; width:215px;\" ><div class=\"crop \" style=\" width:215px; height:215px; overflow:hidden; \"><img src=\"http:\/\/www.1ciedarcdevincennes.fr\/wp-content\/uploads\/2018\/11\/CS-2018-4-215x215.jpg\" class=\"ggImg\" alt=\"CS-2018-4\" title=\"CS-2018-4\" data-description=\"CS-2018-4\" data-caption=\"CS-2018-4\" data-title=\"CS-2018-4\" style=\" width:215px; height:215px; \" \/><\/div><FIGCAPTION class=\"\" data-alpha=\"5\" style=\"color:#ffffff; background-color:#6f0000; font-size:14px; text-align:2; font-family:;\" ><div class=\"grid-gallery-figcaption-wrap\" style=\" vertical-align:; \"><\/div><\/FIGCAPTION><\/FIGURE><\/a> <a id=\"gg-13-174\" class=\"gg-link \" data-attachment-id=\"1656\" href=\"https:\/\/www.1ciedarcdevincennes.fr\/wp-content\/uploads\/2018\/11\/CS-2018-5.jpg?gid=13\" target=\"_self\" title=\"CS-2018-5\" data-rel=\"prettyPhoto[pp_gal]\" style=\"border-radius: 0px;\" ><FIGURE class=\"grid-gallery-caption \" data-grid-gallery-type=\"quarter-slide-up\" data-index=\"4\" style=\"display:none;border-radius: 0px; ; margin: 5.3px; width:215px;\" ><div class=\"crop \" style=\" width:215px; height:215px; overflow:hidden; \"><img src=\"http:\/\/www.1ciedarcdevincennes.fr\/wp-content\/uploads\/2018\/11\/CS-2018-5-215x215.jpg\" class=\"ggImg\" alt=\"CS-2018-5\" title=\"CS-2018-5\" data-description=\"CS-2018-5\" data-caption=\"CS-2018-5\" data-title=\"CS-2018-5\" style=\" width:215px; height:215px; \" \/><\/div><FIGCAPTION class=\"\" data-alpha=\"5\" style=\"color:#ffffff; background-color:#6f0000; font-size:14px; text-align:2; font-family:;\" ><div class=\"grid-gallery-figcaption-wrap\" style=\" vertical-align:; \"><\/div><\/FIGCAPTION><\/FIGURE><\/a> <a id=\"gg-13-173\" class=\"gg-link \" data-attachment-id=\"1657\" href=\"https:\/\/www.1ciedarcdevincennes.fr\/wp-content\/uploads\/2018\/11\/CS-2018-6.jpg?gid=13\" target=\"_self\" title=\"CS-2018-6\" data-rel=\"prettyPhoto[pp_gal]\" style=\"border-radius: 0px;\" ><FIGURE class=\"grid-gallery-caption \" data-grid-gallery-type=\"quarter-slide-up\" data-index=\"5\" style=\"display:none;border-radius: 0px; ; margin: 5.3px; width:215px;\" ><div class=\"crop \" style=\" width:215px; height:215px; overflow:hidden; \"><img src=\"http:\/\/www.1ciedarcdevincennes.fr\/wp-content\/uploads\/2018\/11\/CS-2018-6-215x215.jpg\" class=\"ggImg\" alt=\"CS-2018-6\" title=\"CS-2018-6\" data-description=\"CS-2018-6\" data-caption=\"CS-2018-6\" data-title=\"CS-2018-6\" style=\" width:215px; height:215px; \" \/><\/div><FIGCAPTION class=\"\" data-alpha=\"5\" style=\"color:#ffffff; background-color:#6f0000; font-size:14px; text-align:2; font-family:;\" ><div class=\"grid-gallery-figcaption-wrap\" style=\" vertical-align:; \"><\/div><\/FIGCAPTION><\/FIGURE><\/a> <a id=\"gg-13-179\" class=\"gg-link \" data-attachment-id=\"1673\" href=\"https:\/\/www.1ciedarcdevincennes.fr\/wp-content\/uploads\/2018\/11\/CS-2018-78.jpg?gid=13\" target=\"_self\" title=\"CS-2018-78\" data-rel=\"prettyPhoto[pp_gal]\" style=\"border-radius: 0px;\" ><FIGURE class=\"grid-gallery-caption \" data-grid-gallery-type=\"quarter-slide-up\" data-index=\"6\" style=\"display:none;border-radius: 0px; ; margin: 5.3px; width:215px;\" ><div class=\"crop \" style=\" width:215px; height:215px; overflow:hidden; \"><img src=\"http:\/\/www.1ciedarcdevincennes.fr\/wp-content\/uploads\/2018\/11\/CS-2018-78-215x215.jpg\" class=\"ggImg\" alt=\"CS-2018-78\" title=\"CS-2018-78\" data-description=\"CS-2018-78\" data-caption=\"F\u00e9licitations \u00e0 deux archers de Vincennes, Aur\u00e9lie et Fran\u00e7ois qui se classent respectivement 2\u00e8me et 3\u00e8me de leur cat\u00e9gorie.\" data-title=\"CS-2018-78\" style=\" width:215px; height:215px; \" \/><\/div><FIGCAPTION class=\"\" data-alpha=\"5\" style=\"color:#ffffff; background-color:#6f0000; font-size:14px; text-align:2; font-family:;\" ><div class=\"grid-gallery-figcaption-wrap\" style=\" vertical-align:; \"><div class=\"gg-image-caption fitvidsignore \" style=\"font-size:14px;\"><object type=\"none\/none\"> F\u00e9licitations \u00e0 deux archers de Vincennes, Aur\u00e9lie et Fran\u00e7ois qui se classent respectivement 2\u00e8me et 3\u00e8me de leur cat\u00e9gorie. <\/object><\/div><\/div><\/FIGCAPTION><\/FIGURE><\/a> <a id=\"gg-13-170\" class=\"gg-link \" data-attachment-id=\"1660\" href=\"https:\/\/www.1ciedarcdevincennes.fr\/wp-content\/uploads\/2018\/11\/CS-2018-9.jpg?gid=13\" target=\"_self\" title=\"CS-2018-9\" data-rel=\"prettyPhoto[pp_gal]\" style=\"border-radius: 0px;\" ><FIGURE class=\"grid-gallery-caption \" data-grid-gallery-type=\"quarter-slide-up\" data-index=\"7\" style=\"display:none;border-radius: 0px; ; margin: 5.3px; width:215px;\" ><div class=\"crop \" style=\" width:215px; height:215px; overflow:hidden; \"><img src=\"http:\/\/www.1ciedarcdevincennes.fr\/wp-content\/uploads\/2018\/11\/CS-2018-9-215x215.jpg\" class=\"ggImg\" alt=\"CS-2018-9\" title=\"CS-2018-9\" data-description=\"CS-2018-9\" data-caption=\"CS-2018-9\" data-title=\"CS-2018-9\" style=\" width:215px; height:215px; \" \/><\/div><FIGCAPTION class=\"\" data-alpha=\"5\" style=\"color:#ffffff; background-color:#6f0000; font-size:14px; text-align:2; font-family:;\" ><div class=\"grid-gallery-figcaption-wrap\" style=\" vertical-align:; \"><\/div><\/FIGCAPTION><\/FIGURE><\/a> <div class=\"grid-gallery-clearfix\"><\/div> <\/div> <div class=\"gallery-sharing-bottom\"><\/div> <div class=\"grid-gallery-clearfix\"><\/div> <\/div> <!-- Gallery by Supsystic plugin 1.15.11 --><\/p>\n","protected":false},"excerpt":{"rendered":"<p>&nbsp; Cette ann\u00e9e encore, la ville de Vincennes a organis\u00e9 son concours de tir \u00e0 l\u2019arc en salle, dans le gymnase Pompidou, [&hellip;]<\/p>\n","protected":false},"author":1,"featured_media":0,"parent":1298,"menu_order":0,"comment_status":"closed","ping_status":"closed","template":"page-templates\/page_fullwidth.php","meta":{"_mc_calendar":[]},"_links":{"self":[{"href":"https:\/\/www.1ciedarcdevincennes.fr\/index.php\/wp-json\/wp\/v2\/pages\/1648"}],"collection":[{"href":"https:\/\/www.1ciedarcdevincennes.fr\/index.php\/wp-json\/wp\/v2\/pages"}],"about":[{"href":"https:\/\/www.1ciedarcdevincennes.fr\/index.php\/wp-json\/wp\/v2\/types\/page"}],"author":[{"embeddable":true,"href":"https:\/\/www.1ciedarcdevincennes.fr\/index.php\/wp-json\/wp\/v2\/users\/1"}],"replies":[{"embeddable":true,"href":"https:\/\/www.1ciedarcdevincennes.fr\/index.php\/wp-json\/wp\/v2\/comments?post=1648"}],"version-history":[{"count":10,"href":"https:\/\/www.1ciedarcdevincennes.fr\/index.php\/wp-json\/wp\/v2\/pages\/1648\/revisions"}],"predecessor-version":[{"id":1674,"href":"https:\/\/www.1ciedarcdevincennes.fr\/index.php\/wp-json\/wp\/v2\/pages\/1648\/revisions\/1674"}],"up":[{"embeddable":true,"href":"https:\/\/www.1ciedarcdevincennes.fr\/index.php\/wp-json\/wp\/v2\/pages\/1298"}],"wp:attachment":[{"href":"https:\/\/www.1ciedarcdevincennes.fr\/index.php\/wp-json\/wp\/v2\/media?parent=1648"}],"curies":[{"name":"wp","href":"https:\/\/api.w.org\/{rel}","templated":true}]}}