{"id":1712,"date":"2018-12-14T19:26:25","date_gmt":"2018-12-14T18:26:25","guid":{"rendered":"http:\/\/www.1ciedarcdevincennes.fr\/?page_id=1712"},"modified":"2018-12-14T19:26:25","modified_gmt":"2018-12-14T18:26:25","slug":"prix-du-roi-2018","status":"publish","type":"page","link":"https:\/\/www.1ciedarcdevincennes.fr\/index.php\/actualites\/actualites-2018\/prix-du-roi-2018\/","title":{"rendered":"Prix du roi 2018"},"content":{"rendered":"<p><span style=\"font-size: 14pt; font-family: comic sans ms, sans-serif;\">Le 11 novembre dernier se d\u00e9roulait le prix du Roi 2018 organis\u00e9 par le roi de Vincennes pour la 2\u00e8me ann\u00e9e\u00a0: Olivier\u00a0!<\/span><\/p>\n<p><span style=\"font-size: 14pt; font-family: comic sans ms, sans-serif;\">Le th\u00e8me imagin\u00e9 par le monarque pr\u00e9f\u00e9r\u00e9 des archers de Vincennes sur 2018-2019 tournait autour de la f\u00eate mexicaine du \u00ab\u00a0Dia de Los Muertos\u00a0\u00bb.<\/span><\/p>\n<p><span style=\"font-size: 14pt; font-family: comic sans ms, sans-serif;\">Cartes d\u00e9cor\u00e9e avec un crane barbu avec plein de couleurs et port du masque obligatoire pour toutes les arch\u00e8res et tous les archers\u00a0! Un samurai et un chevalier des temps modernes \u00e9taient m\u00eame pr\u00e9sents\u00a0!<\/span><\/p>\n<p><img loading=\"lazy\" class=\"aligncenter size-full wp-image-1713\" src=\"https:\/\/www.1ciedarcdevincennes.fr\/wp-content\/uploads\/2018\/12\/prix-roi-2018.jpg\" alt=\"prix-roi-2018\" width=\"693\" height=\"979\" srcset=\"https:\/\/www.1ciedarcdevincennes.fr\/wp-content\/uploads\/2018\/12\/prix-roi-2018.jpg 693w, https:\/\/www.1ciedarcdevincennes.fr\/wp-content\/uploads\/2018\/12\/prix-roi-2018-212x300.jpg 212w, https:\/\/www.1ciedarcdevincennes.fr\/wp-content\/uploads\/2018\/12\/prix-roi-2018-230x325.jpg 230w, https:\/\/www.1ciedarcdevincennes.fr\/wp-content\/uploads\/2018\/12\/prix-roi-2018-350x494.jpg 350w, https:\/\/www.1ciedarcdevincennes.fr\/wp-content\/uploads\/2018\/12\/prix-roi-2018-480x678.jpg 480w\" sizes=\"(max-width: 693px) 100vw, 693px\" \/><\/p>\n<p><span style=\"font-size: 14pt; font-family: comic sans ms, sans-serif;\">Ce tir d\u2019amusement s\u2019est cl\u00f4tur\u00e9 par une collation bien m\u00e9rit\u00e9e\u00a0!<\/span><\/p>\n<p><span style=\"font-size: 14pt; font-family: comic sans ms, sans-serif;\">Olivier &#8211; Alias le roi masqu\u00e9<\/span><\/p>\n<p><img loading=\"lazy\" class=\" wp-image-1715 alignleft\" src=\"https:\/\/www.1ciedarcdevincennes.fr\/wp-content\/uploads\/2018\/12\/Le-roi-masqu\u00e9.jpg\" alt=\"Le roi masqu\u00e9\" width=\"124\" height=\"185\" srcset=\"https:\/\/www.1ciedarcdevincennes.fr\/wp-content\/uploads\/2018\/12\/Le-roi-masqu\u00e9.jpg 217w, https:\/\/www.1ciedarcdevincennes.fr\/wp-content\/uploads\/2018\/12\/Le-roi-masqu\u00e9-201x300.jpg 201w\" sizes=\"(max-width: 124px) 100vw, 124px\" \/><\/p>\n","protected":false},"excerpt":{"rendered":"<p>Le 11 novembre dernier se d\u00e9roulait le prix du Roi 2018 organis\u00e9 par le roi de Vincennes pour la 2\u00e8me ann\u00e9e\u00a0: Olivier\u00a0! [&hellip;]<\/p>\n","protected":false},"author":1,"featured_media":0,"parent":1298,"menu_order":0,"comment_status":"closed","ping_status":"closed","template":"page-templates\/page_fullwidth.php","meta":{"_mc_calendar":[]},"_links":{"self":[{"href":"https:\/\/www.1ciedarcdevincennes.fr\/index.php\/wp-json\/wp\/v2\/pages\/1712"}],"collection":[{"href":"https:\/\/www.1ciedarcdevincennes.fr\/index.php\/wp-json\/wp\/v2\/pages"}],"about":[{"href":"https:\/\/www.1ciedarcdevincennes.fr\/index.php\/wp-json\/wp\/v2\/types\/page"}],"author":[{"embeddable":true,"href":"https:\/\/www.1ciedarcdevincennes.fr\/index.php\/wp-json\/wp\/v2\/users\/1"}],"replies":[{"embeddable":true,"href":"https:\/\/www.1ciedarcdevincennes.fr\/index.php\/wp-json\/wp\/v2\/comments?post=1712"}],"version-history":[{"count":3,"href":"https:\/\/www.1ciedarcdevincennes.fr\/index.php\/wp-json\/wp\/v2\/pages\/1712\/revisions"}],"predecessor-version":[{"id":1717,"href":"https:\/\/www.1ciedarcdevincennes.fr\/index.php\/wp-json\/wp\/v2\/pages\/1712\/revisions\/1717"}],"up":[{"embeddable":true,"href":"https:\/\/www.1ciedarcdevincennes.fr\/index.php\/wp-json\/wp\/v2\/pages\/1298"}],"wp:attachment":[{"href":"https:\/\/www.1ciedarcdevincennes.fr\/index.php\/wp-json\/wp\/v2\/media?parent=1712"}],"curies":[{"name":"wp","href":"https:\/\/api.w.org\/{rel}","templated":true}]}}