{"id":1764,"date":"2019-01-31T19:23:36","date_gmt":"2019-01-31T18:23:36","guid":{"rendered":"http:\/\/www.1ciedarcdevincennes.fr\/?page_id=1764"},"modified":"2019-01-31T21:02:11","modified_gmt":"2019-01-31T20:02:11","slug":"saint-sebastien-2019","status":"publish","type":"page","link":"https:\/\/www.1ciedarcdevincennes.fr\/index.php\/actualites\/actualites-2019\/saint-sebastien-2019\/","title":{"rendered":"Saint-S\u00e9bastien 2019"},"content":{"rendered":"<p><span style=\"font-family: comic sans ms, sans-serif; font-size: 14pt;\">Le dimanche 20 janvier en ce d\u00e9but d\u2019hiver, a eu lieu le tir traditionnel en l\u2019honneur de notre Saint Patron. \u00a0Les archers r\u00e9unis pour cette manifestation, toutes g\u00e9n\u00e9rations confondues, \u00e9taient r\u00e9partis par distance \u00e0 15 m\u00e8tres, 25 m\u00e8tres et 50 m\u00e8tres.<\/span><\/p>\n<p><img loading=\"lazy\" class=\"aligncenter size-full wp-image-1765\" src=\"https:\/\/www.1ciedarcdevincennes.fr\/wp-content\/uploads\/2019\/01\/st-sebastien-2019.jpg\" alt=\"st-sebastien-2019\" width=\"656\" height=\"320\" srcset=\"https:\/\/www.1ciedarcdevincennes.fr\/wp-content\/uploads\/2019\/01\/st-sebastien-2019.jpg 656w, https:\/\/www.1ciedarcdevincennes.fr\/wp-content\/uploads\/2019\/01\/st-sebastien-2019-300x146.jpg 300w, https:\/\/www.1ciedarcdevincennes.fr\/wp-content\/uploads\/2019\/01\/st-sebastien-2019-230x112.jpg 230w, https:\/\/www.1ciedarcdevincennes.fr\/wp-content\/uploads\/2019\/01\/st-sebastien-2019-350x171.jpg 350w, https:\/\/www.1ciedarcdevincennes.fr\/wp-content\/uploads\/2019\/01\/st-sebastien-2019-480x234.jpg 480w\" sizes=\"(max-width: 656px) 100vw, 656px\" \/><\/p>\n<p><span style=\"font-family: comic sans ms, sans-serif; font-size: 14pt;\">Apr\u00e8s maintes belles fl\u00e8ches, les r\u00e9compenses ont ensuite \u00e9t\u00e9 d\u00e9cern\u00e9es aux archers\u00a0:<\/span><\/p>\n<p><span style=\"font-family: comic sans ms, sans-serif; font-size: 14pt;\">&#8211; Anne Sophie Beauquis,\u00a0meilleur r\u00e9sultat \u00e0 15 m avec un coup r\u00e9ussi \u00e0 17,76mm<\/span><\/p>\n<p><span style=\"font-family: comic sans ms, sans-serif; font-size: 14pt;\">&#8211; Thomas Ribet, meilleur r\u00e9sultat \u00e0 25 m\u00a0avec un coup r\u00e9ussi \u00e0 32,30mm<\/span><\/p>\n<p><span style=\"font-family: comic sans ms, sans-serif; font-size: 14pt;\">&#8211; Christian Boudinet, meilleur\u00a0r\u00e9sultat \u00e0 50m avec un coup r\u00e9ussi \u00e0 15,83mm<\/span><\/p>\n<p>&nbsp;<\/p>\n<p><span style=\"font-family: comic sans ms, sans-serif; font-size: 14pt;\">Et le titre de Saint S\u00e9bastien 2019 revient \u00e0 Thomas Ribet avec un coup r\u00e9ussi \u00e0 14,95mm.<\/span><\/p>\n<p>&nbsp;<\/p>\n<p><span style=\"font-family: comic sans ms, sans-serif; font-size: 14pt;\">C\u2019est \u00e9galement \u00e0 cette occasion que sont remises aux archers les distinctions f\u00e9d\u00e9rales remport\u00e9es ces derniers mois.<\/span><\/p>\n<p><span style=\"font-family: comic sans ms, sans-serif; font-size: 14pt;\">Enfin, l\u2019archer de la Cie qui a r\u00e9alis\u00e9 le meilleur noir au cours des Prix G\u00e9n\u00e9raux de la saison derni\u00e8re a \u00e9t\u00e9 d\u00e9voil\u00e9. Cette ann\u00e9e, le prix du Challenge \u2018\u2019 Christian Chatelain \u2018\u2019 a \u00e9t\u00e9 remport\u00e9 par Michel Allam.<\/span><\/p>\n<p><span style=\"font-family: comic sans ms, sans-serif; font-size: 14pt;\">A quelques minutes de marche de la Compagnie, les archers se sont ensuite r\u00e9unis pour un repas d\u00e9licieux au restaurant l\u2019Absolu, qui leur a r\u00e9serv\u00e9 un accueil des plus chaleureux et un service attentionn\u00e9.<\/span><\/p>\n<p>&nbsp;<\/p>\n<p><span style=\"font-family: comic sans ms, sans-serif; font-size: 14pt;\">En savoir plus sur :<\/span><\/p>\n<p><span style=\"font-family: comic sans ms, sans-serif; font-size: 14pt;\"><a href=\"https:\/\/www.1ciedarcdevincennes.fr\/index.php\/histoire-et-traditions\/saint-sebastien\/\">Saint S\u00e9bastien<\/a><\/span><\/p>\n<p>&nbsp;<\/p>\n<p><span style=\"font-family: comic sans ms, sans-serif; font-size: 14pt;\">Plus de <a title=\"photos St S\u00e9bastien 2019\" href=\"https:\/\/www.1ciedarcdevincennes.fr\/index.php\/galerie-de-photos\/saint-sebastien-2019\/\">photos ici<\/a><\/span><\/p>\n","protected":false},"excerpt":{"rendered":"<p>Le dimanche 20 janvier en ce d\u00e9but d\u2019hiver, a eu lieu le tir traditionnel en l\u2019honneur de notre Saint Patron. \u00a0Les archers [&hellip;]<\/p>\n","protected":false},"author":1,"featured_media":0,"parent":1762,"menu_order":0,"comment_status":"closed","ping_status":"closed","template":"page-templates\/page_fullwidth.php","meta":{"_mc_calendar":[]},"_links":{"self":[{"href":"https:\/\/www.1ciedarcdevincennes.fr\/index.php\/wp-json\/wp\/v2\/pages\/1764"}],"collection":[{"href":"https:\/\/www.1ciedarcdevincennes.fr\/index.php\/wp-json\/wp\/v2\/pages"}],"about":[{"href":"https:\/\/www.1ciedarcdevincennes.fr\/index.php\/wp-json\/wp\/v2\/types\/page"}],"author":[{"embeddable":true,"href":"https:\/\/www.1ciedarcdevincennes.fr\/index.php\/wp-json\/wp\/v2\/users\/1"}],"replies":[{"embeddable":true,"href":"https:\/\/www.1ciedarcdevincennes.fr\/index.php\/wp-json\/wp\/v2\/comments?post=1764"}],"version-history":[{"count":3,"href":"https:\/\/www.1ciedarcdevincennes.fr\/index.php\/wp-json\/wp\/v2\/pages\/1764\/revisions"}],"predecessor-version":[{"id":1798,"href":"https:\/\/www.1ciedarcdevincennes.fr\/index.php\/wp-json\/wp\/v2\/pages\/1764\/revisions\/1798"}],"up":[{"embeddable":true,"href":"https:\/\/www.1ciedarcdevincennes.fr\/index.php\/wp-json\/wp\/v2\/pages\/1762"}],"wp:attachment":[{"href":"https:\/\/www.1ciedarcdevincennes.fr\/index.php\/wp-json\/wp\/v2\/media?parent=1764"}],"curies":[{"name":"wp","href":"https:\/\/api.w.org\/{rel}","templated":true}]}}