{"id":32,"date":"2016-09-27T21:49:10","date_gmt":"2016-09-27T19:49:10","guid":{"rendered":"http:\/\/www.1ciedarcdevincennes.fr\/?page_id=32"},"modified":"2018-10-15T20:21:52","modified_gmt":"2018-10-15T18:21:52","slug":"histoire-de-la-compagnie-darc-de-vincennes","status":"publish","type":"page","link":"https:\/\/www.1ciedarcdevincennes.fr\/index.php\/histoire-et-traditions\/histoire-de-la-compagnie-darc-de-vincennes\/","title":{"rendered":"Histoire de la Compagnie d&rsquo;arc de Vincennes"},"content":{"rendered":"<p><span style=\"color: #000000;\"><em><span style=\"font-family: 'comic sans ms', sans-serif; font-size: 14pt;\">La 1<sup>\u00e8re<\/sup> Compagnie d&rsquo;arc de Vincennes est la plus ancienne association sportive de Vincennes. Le proc\u00e8s-verbal de sa dissolution durant la r\u00e9volution fran\u00e7aise pr\u00e9cise qu\u2019elle a \u00e9t\u00e9 cr\u00e9\u00e9e quelques ann\u00e9es avant 1790 sans qu\u2019il soit possible d\u2019en pr\u00e9ciser la date exacte, les archives de la 1<sup>\u00e8re<\/sup> Compagnie de Nogent sur Marne cr\u00e9\u00e9e en 1732 et de la Compagnie de Saint Maur \u00e9tablie en 1734 n\u2019en faisant pas r\u00e9f\u00e9rence.<\/span><\/em><\/span><\/p>\n<p><span style=\"color: #000000;\"><em><span style=\"font-family: 'comic sans ms', sans-serif; font-size: 14pt;\">Le 18 juin 1790 un d\u00e9cret de l\u2019Assembl\u00e9e Nationale relatif \u00e0 l\u2019inscription des citoyens actifs sur le registre des gardes nationales stipule la dissolution des compagnies d\u2019arc. \u00a0<\/span><\/em><\/span><\/p>\n<p><span style=\"color: #000000;\"><em><span style=\"font-family: 'comic sans ms', sans-serif; font-size: 14pt;\">La dur\u00e9e d\u2019application du d\u00e9cret \u00e9tant d\u2019un mois, le 12 juillet 1790, la 1<sup>\u00e8re<\/sup> Com<\/span><span style=\"font-family: 'comic sans ms', sans-serif; font-size: 14pt;\"><em>pa<\/em>gnie d\u2019arc de Vincennes est dissoute et son drapeau suspendu \u00e0 la vo\u00fbte de l&rsquo;\u00e9glise paroissiale de la Pissote \u00e0 Vincennes. Le registre des d\u00e9lib\u00e9rations municipales fait \u00e9tat de cette dissolution en ces termes \u00ab\u00a0La Garde Nationale de Vincennes s\u2019\u00e9tant\u00a0mise sous les armes ayant \u00e0 leur t\u00eate leurs\u00a0officiers ordinaires, elle s\u2019est port\u00e9e \u00e0\u00a0l\u2019entr\u00e9e du ch\u00e2teau de Vincennes, o\u00f9 ladite\u00a0Compagnie conservait ledit drapeau.\u00a0M. Jean-Claude Huguenay, roi de la\u00a0Compagnie, accompagn\u00e9 de M. Jean-\u00a0Baptiste \u00c9vrard, Chevalier, se sont pr\u00e9sent\u00e9s pour sortir du ch\u00e2teau, le drapeau\u00a0d\u00e9ploy\u00e9 et tenu par le sieur Huguenay,\u00a0ayant avec eux Monsieur l\u2019abb\u00e9 Lande,\u00a0vicaire de la Sainte Chapelle de Vincennes,\u00a0aum\u00f4nier de la Compagnie.<\/span><\/em><\/span><\/p>\n<p><span style=\"color: #000000;\"><em><span style=\"font-family: 'comic sans ms', sans-serif; font-size: 14pt;\">Le drapeau a \u00e9t\u00e9 suspendu \u00e0 la vo\u00fbte de l\u2019\u00e9glise. Nous pouvons d\u00e9duire qu\u2019avant 1790, la 1<sup>\u00e8re<\/sup> Compagnie d\u2019arc de Vincennes \u00e9tait install\u00e9e dans le ch\u00e2teau, bien qu\u2019aucun autre texte n\u2019en fasse \u00e9tat. L\u2019\u00e9glise de la Pissotte a d\u00fb \u00eatre \u00e9tay\u00e9e d\u00e8s 1776 et sera ferm\u00e9e en 1793 car la partie principale menace ruine. Elle s\u2019\u00e9croulera en 1795 et nous avons perdu la trace du drapeau.<\/span><\/em><\/span><\/p>\n<p>&nbsp;<\/p>\n<p><span style=\"color: #000000;\"><em><span style=\"font-family: 'comic sans ms', sans-serif; font-size: 14pt;\">Dissoute pendant la tourmente r\u00e9volutionnaire, la 1<sup>\u00e8re<\/sup> Compagnie d\u2019arc de Vincennes r\u00e9appara\u00eet en 1794 sous le nom de VENTOSE 1794 ou VENTOSE 1802.<\/span><\/em><\/span><\/p>\n<p><span style=\"color: #000000;\"><em><span style=\"font-family: 'comic sans ms', sans-serif; font-size: 14pt;\">Depuis cette date, les archives de la 1<sup>\u00e8re<\/sup> Compagnie d\u2019arc de Vincennes montrent son existence sans discontinuit\u00e9 jusqu\u2019\u00e0 nos jours.<\/span><\/em><\/span><\/p>\n<p><span style=\"color: #000000;\"><em><span style=\"font-family: 'comic sans ms', sans-serif; font-size: 14pt;\">En 1877, il est vot\u00e9 de limiter le nombre des soci\u00e9taires de chaque Compagnie \u00e0 32. Il sera donc cr\u00e9\u00e9 une 2\u00e8me et une 3\u00e8me Compagnie d\u2019Arc de Vincennes avec lesquelles la 1<sup>\u00e8re<\/sup> Compagnie d\u2019arc de Vincennes organisera des concours dont le \u00ab\u00a0Prix de l\u2019Union\u00a0\u00bb et cr\u00e9era la Famille de Vincennes. Les 2<sup>\u00e8me<\/sup> et 3<sup>\u00e8me<\/sup> Compagnie d\u2019Arc de Vincennes \u00a0sont aujourd\u2019hui disparues.<\/span><\/em><\/span><\/p>\n<p><span style=\"color: #000000;\"><em><span style=\"font-family: 'comic sans ms', sans-serif; font-size: 14pt;\">Au milieu du 19<sup>\u00e8me<\/sup> si\u00e8cle, la 1<sup>\u00e8re<\/sup> Compagnie d\u2019arc de Vincennes prend comme surnom \u00ab\u00a0le Petit Paradis\u00a0\u00bb sans qu\u2019il soit possible de donner une explication \u00e0 ce nom.<\/span><\/em><\/span><\/p>\n<p>&nbsp;<\/p>\n<p><span style=\"color: #000000;\"><em><span style=\"font-family: 'comic sans ms', sans-serif; font-size: 14pt;\"><em>Au d\u00e9but du 19<sup>\u00e8me<\/sup> si\u00e8cle, la 1<sup>\u00e8re<\/sup> Compagnie d\u2019arc de Vincennes est implant\u00e9e sur un terrain situ\u00e9 \u00e0 proximit\u00e9 de l\u2019actuel H\u00f4tel de <\/em>ville, rue de la Pissote, future rue de Fontenay. Ensuite elle quitte son emplacement pour s&rsquo;installer au 9, rue des Meuniers o\u00f9 elle reste plus de 50 ans. Le terrain de la rue des Meuniers \u00e9tant vendu, la Compagnie est d\u00e9plac\u00e9e sur un terrain municipal au 21bis rue de Lagny. Mais, en 1930, la compagnie se trouve \u00e0 nouveau sans terrain, expuls\u00e9e du fait de la construction du square Saint-Louis.<\/span><\/em><\/span><\/p>\n<p><span style=\"color: #000000;\"><em><span style=\"font-family: 'comic sans ms', sans-serif; font-size: 14pt;\">Apr\u00e8s avoir occup\u00e9 provisoirement les foss\u00e9s du fort de Vincennes de 1930 \u00e0 1932, elle s&rsquo;installe sur un terrain situ\u00e9 au 11 rue Defrance, appartenant \u00e0 monsieur Albert Husson, \u00a0Capitaine et futur Conn\u00e9table de la 1<sup>\u00e8re<\/sup> Compagnie d\u2019arc de Vincennes. Ce terrain est lou\u00e9 aux archers sous la forme d\u2019un bail emphyt\u00e9otique en date du 22 juillet 1932.<\/span><\/em><\/span><\/p>\n<p><span style=\"color: #000000;\"><em><span style=\"font-family: 'comic sans ms', sans-serif; font-size: 14pt;\">Pensant \u00eatre install\u00e9e ici d\u00e9finitivement, la 1<sup>\u00e8re<\/sup> Compagnie d&rsquo;arc de Vincennes fait \u00e9difier sur le terrain un jeu de Beursault. \u00a0<\/span><\/em><\/span><\/p>\n<p><span style=\"color: #000000;\"><em><span style=\"font-family: 'comic sans ms', sans-serif; font-size: 14pt;\">En 1948, le Conseil municipal approuve un projet d&rsquo;am\u00e9nagement de 1&rsquo;ilot Defrance-Jarry et en 1950 la 1<sup>\u00e8re<\/sup> Compagnie d\u2019arc est expropri\u00e9e. La 1<sup>\u00e8re<\/sup> Compagnie d\u2019arc de Vincennes obtient le soutien de la municipalit\u00e9 et le 2 d\u00e9cembre 1953, le Conseil municipal d\u00e9cide l&rsquo;acquisition par la Ville \u00e0 la SCI Louis Georges Serre d&rsquo;un terrain destin\u00e9 \u00e0 l&rsquo;am\u00e9nagement d&rsquo;un jeu de tir \u00e0 l&rsquo;arc.<\/span><\/em><\/span><\/p>\n<p>&nbsp;<\/p>\n<p><span style=\"color: #000000;\"><em><span style=\"font-family: 'comic sans ms', sans-serif; font-size: 14pt;\">Ainsi la 1<sup>\u00e8re<\/sup> Compagnie d&rsquo;Arc de Vincennes trouve un nouveau domicile au 29bis rue Defrance. Comprenant deux all\u00e9es de tir et un logis neuf.<\/span><\/em><\/span><\/p>\n<p><span style=\"color: #000000;\"><em><span style=\"font-family: 'comic sans ms', sans-serif; font-size: 14pt;\">L\u2019histoire de la 1<sup>\u00e8re<\/sup> Compagnie de Vincennes illustre bien les difficult\u00e9s rencontr\u00e9es par les compagnies d\u2019arc en r\u00e9gion parisienne, face \u00e0 la pression fonci\u00e8re croissante.<\/span><\/em><\/span><\/p>\n<p><span style=\"color: #000000;\"><em><span style=\"font-family: 'comic sans ms', sans-serif; font-size: 14pt;\">Les archives de la 1<sup>\u00e8re<\/sup> Compagnie d\u2019arc de Vincennes font \u00e9tat, d\u00e8s l\u2019origine de l\u2019organisation, de concours que l\u2019on nomme \u00ab\u00a0Prix G\u00e9n\u00e9raux\u00a0\u00bb. Mais plus important encore, la 1<sup>\u00e8re<\/sup> Compagnie d\u2019arc de Vincennes organisera \u00e0 plusieurs reprises le Bouquet Provincial, f\u00eate des archers qui regroupe plusieurs centaines de Compagnies et de clubs de toutes les r\u00e9gions de France. Vincennes en organisera cinq en 1914, 1934, 1957, 1967 et enfin le 10 juin 1990 sous le haut patronage de Monsieur Alain Poher, Pr\u00e9sident du S\u00e9nat.<\/span><\/em><\/span><\/p>\n<p><span style=\"color: #000000;\"><em><span style=\"font-family: 'comic sans ms', sans-serif; font-size: 14pt;\">Vincennes a \u00e9galement organis\u00e9 durant de nombreuses ann\u00e9es un tir en ext\u00e9rieur \u00e0 la distance de 90 m\u00e8tres sur le stade et continue d\u2019organiser chaque ann\u00e9e en novembre, dans le gymnase Pompidou, un concours s\u00e9lectif pour le Championnat de France regroupant 360 tireurs de toute l&rsquo;Ile de France.<\/span><\/em><\/span><\/p>\n<p>&nbsp;<\/p>\n<p><em><span style=\"font-family: comic sans ms,sans-serif; font-size: 14pt; color: #0000b7;\">Robin<\/span><\/em><\/p>\n","protected":false},"excerpt":{"rendered":"<p>La 1\u00e8re Compagnie d&rsquo;arc de Vincennes est la plus ancienne association sportive de Vincennes. Le proc\u00e8s-verbal de sa dissolution durant la r\u00e9volution [&hellip;]<\/p>\n","protected":false},"author":1,"featured_media":0,"parent":30,"menu_order":0,"comment_status":"closed","ping_status":"closed","template":"page-templates\/page_fullwidth.php","meta":{"_mc_calendar":[]},"_links":{"self":[{"href":"https:\/\/www.1ciedarcdevincennes.fr\/index.php\/wp-json\/wp\/v2\/pages\/32"}],"collection":[{"href":"https:\/\/www.1ciedarcdevincennes.fr\/index.php\/wp-json\/wp\/v2\/pages"}],"about":[{"href":"https:\/\/www.1ciedarcdevincennes.fr\/index.php\/wp-json\/wp\/v2\/types\/page"}],"author":[{"embeddable":true,"href":"https:\/\/www.1ciedarcdevincennes.fr\/index.php\/wp-json\/wp\/v2\/users\/1"}],"replies":[{"embeddable":true,"href":"https:\/\/www.1ciedarcdevincennes.fr\/index.php\/wp-json\/wp\/v2\/comments?post=32"}],"version-history":[{"count":6,"href":"https:\/\/www.1ciedarcdevincennes.fr\/index.php\/wp-json\/wp\/v2\/pages\/32\/revisions"}],"predecessor-version":[{"id":1610,"href":"https:\/\/www.1ciedarcdevincennes.fr\/index.php\/wp-json\/wp\/v2\/pages\/32\/revisions\/1610"}],"up":[{"embeddable":true,"href":"https:\/\/www.1ciedarcdevincennes.fr\/index.php\/wp-json\/wp\/v2\/pages\/30"}],"wp:attachment":[{"href":"https:\/\/www.1ciedarcdevincennes.fr\/index.php\/wp-json\/wp\/v2\/media?parent=32"}],"curies":[{"name":"wp","href":"https:\/\/api.w.org\/{rel}","templated":true}]}}

<p><span style="color: #000000;"><em><span style="font-family: 'comic sans ms', sans-serif; font-size: 14pt;">La 1<sup>ère</sup> Compagnie d&rsquo;arc de Vincennes est la plus ancienne association sportive de Vincennes. Le procès-verbal de sa dissolution durant la révolution française précise qu’elle a été créée quelques années avant 1790 sans qu’il soit possible d’en préciser la date exacte, les archives de la 1<sup>ère</sup> Compagnie de Nogent sur Marne créée en 1732 et de la Compagnie de Saint Maur établie en 1734 n’en faisant pas référence.</span></em></span></p>
<p><span style="color: #000000;"><em><span style="font-family: 'comic sans ms', sans-serif; font-size: 14pt;">Le 18 juin 1790 un décret de l’Assemblée Nationale relatif à l’inscription des citoyens actifs sur le registre des gardes nationales stipule la dissolution des compagnies d’arc.  </span></em></span></p>
<p><span style="color: #000000;"><em><span style="font-family: 'comic sans ms', sans-serif; font-size: 14pt;">La durée d’application du décret étant d’un mois, le 12 juillet 1790, la 1<sup>ère</sup> Com</span><span style="font-family: 'comic sans ms', sans-serif; font-size: 14pt;"><em>pa</em>gnie d’arc de Vincennes est dissoute et son drapeau suspendu à la voûte de l&rsquo;église paroissiale de la Pissote à Vincennes. Le registre des délibérations municipales fait état de cette dissolution en ces termes « La Garde Nationale de Vincennes s’étant mise sous les armes ayant à leur tête leurs officiers ordinaires, elle s’est portée à l’entrée du château de Vincennes, où ladite Compagnie conservait ledit drapeau. M. Jean-Claude Huguenay, roi de la Compagnie, accompagné de M. Jean- Baptiste Évrard, Chevalier, se sont présentés pour sortir du château, le drapeau déployé et tenu par le sieur Huguenay, ayant avec eux Monsieur l’abbé Lande, vicaire de la Sainte Chapelle de Vincennes, aumônier de la Compagnie.</span></em></span></p>
<p><span style="color: #000000;"><em><span style="font-family: 'comic sans ms', sans-serif; font-size: 14pt;">Le drapeau a été suspendu à la voûte de l’église. Nous pouvons déduire qu’avant 1790, la 1<sup>ère</sup> Compagnie d’arc de Vincennes était installée dans le château, bien qu’aucun autre texte n’en fasse état. L’église de la Pissotte a dû être étayée dès 1776 et sera fermée en 1793 car la partie principale menace ruine. Elle s’écroulera en 1795 et nous avons perdu la trace du drapeau.</span></em></span></p>
<p>&nbsp;</p>
<p><span style="color: #000000;"><em><span style="font-family: 'comic sans ms', sans-serif; font-size: 14pt;">Dissoute pendant la tourmente révolutionnaire, la 1<sup>ère</sup> Compagnie d’arc de Vincennes réapparaît en 1794 sous le nom de VENTOSE 1794 ou VENTOSE 1802.</span></em></span></p>
<p><span style="color: #000000;"><em><span style="font-family: 'comic sans ms', sans-serif; font-size: 14pt;">Depuis cette date, les archives de la 1<sup>ère</sup> Compagnie d’arc de Vincennes montrent son existence sans discontinuité jusqu’à nos jours.</span></em></span></p>
<p><span style="color: #000000;"><em><span style="font-family: 'comic sans ms', sans-serif; font-size: 14pt;">En 1877, il est voté de limiter le nombre des sociétaires de chaque Compagnie à 32. Il sera donc créé une 2ème et une 3ème Compagnie d’Arc de Vincennes avec lesquelles la 1<sup>ère</sup> Compagnie d’arc de Vincennes organisera des concours dont le « Prix de l’Union » et créera la Famille de Vincennes. Les 2<sup>ème</sup> et 3<sup>ème</sup> Compagnie d’Arc de Vincennes  sont aujourd’hui disparues.</span></em></span></p>
<p><span style="color: #000000;"><em><span style="font-family: 'comic sans ms', sans-serif; font-size: 14pt;">Au milieu du 19<sup>ème</sup> siècle, la 1<sup>ère</sup> Compagnie d’arc de Vincennes prend comme surnom « le Petit Paradis » sans qu’il soit possible de donner une explication à ce nom.</span></em></span></p>
<p>&nbsp;</p>
<p><span style="color: #000000;"><em><span style="font-family: 'comic sans ms', sans-serif; font-size: 14pt;"><em>Au début du 19<sup>ème</sup> siècle, la 1<sup>ère</sup> Compagnie d’arc de Vincennes est implantée sur un terrain situé à proximité de l’actuel Hôtel de </em>ville, rue de la Pissote, future rue de Fontenay. Ensuite elle quitte son emplacement pour s&rsquo;installer au 9, rue des Meuniers où elle reste plus de 50 ans. Le terrain de la rue des Meuniers étant vendu, la Compagnie est déplacée sur un terrain municipal au 21bis rue de Lagny. Mais, en 1930, la compagnie se trouve à nouveau sans terrain, expulsée du fait de la construction du square Saint-Louis.</span></em></span></p>
<p><span style="color: #000000;"><em><span style="font-family: 'comic sans ms', sans-serif; font-size: 14pt;">Après avoir occupé provisoirement les fossés du fort de Vincennes de 1930 à 1932, elle s&rsquo;installe sur un terrain situé au 11 rue Defrance, appartenant à monsieur Albert Husson,  Capitaine et futur Connétable de la 1<sup>ère</sup> Compagnie d’arc de Vincennes. Ce terrain est loué aux archers sous la forme d’un bail emphytéotique en date du 22 juillet 1932.</span></em></span></p>
<p><span style="color: #000000;"><em><span style="font-family: 'comic sans ms', sans-serif; font-size: 14pt;">Pensant être installée ici définitivement, la 1<sup>ère</sup> Compagnie d&rsquo;arc de Vincennes fait édifier sur le terrain un jeu de Beursault.  </span></em></span></p>
<p><span style="color: #000000;"><em><span style="font-family: 'comic sans ms', sans-serif; font-size: 14pt;">En 1948, le Conseil municipal approuve un projet d&rsquo;aménagement de 1&rsquo;ilot Defrance-Jarry et en 1950 la 1<sup>ère</sup> Compagnie d’arc est expropriée. La 1<sup>ère</sup> Compagnie d’arc de Vincennes obtient le soutien de la municipalité et le 2 décembre 1953, le Conseil municipal décide l&rsquo;acquisition par la Ville à la SCI Louis Georges Serre d&rsquo;un terrain destiné à l&rsquo;aménagement d&rsquo;un jeu de tir à l&rsquo;arc.</span></em></span></p>
<p>&nbsp;</p>
<p><span style="color: #000000;"><em><span style="font-family: 'comic sans ms', sans-serif; font-size: 14pt;">Ainsi la 1<sup>ère</sup> Compagnie d&rsquo;Arc de Vincennes trouve un nouveau domicile au 29bis rue Defrance. Comprenant deux allées de tir et un logis neuf.</span></em></span></p>
<p><span style="color: #000000;"><em><span style="font-family: 'comic sans ms', sans-serif; font-size: 14pt;">L’histoire de la 1<sup>ère</sup> Compagnie de Vincennes illustre bien les difficultés rencontrées par les compagnies d’arc en région parisienne, face à la pression foncière croissante.</span></em></span></p>
<p><span style="color: #000000;"><em><span style="font-family: 'comic sans ms', sans-serif; font-size: 14pt;">Les archives de la 1<sup>ère</sup> Compagnie d’arc de Vincennes font état, dès l’origine de l’organisation, de concours que l’on nomme « Prix Généraux ». Mais plus important encore, la 1<sup>ère</sup> Compagnie d’arc de Vincennes organisera à plusieurs reprises le Bouquet Provincial, fête des archers qui regroupe plusieurs centaines de Compagnies et de clubs de toutes les régions de France. Vincennes en organisera cinq en 1914, 1934, 1957, 1967 et enfin le 10 juin 1990 sous le haut patronage de Monsieur Alain Poher, Président du Sénat.</span></em></span></p>
<p><span style="color: #000000;"><em><span style="font-family: 'comic sans ms', sans-serif; font-size: 14pt;">Vincennes a également organisé durant de nombreuses années un tir en extérieur à la distance de 90 mètres sur le stade et continue d’organiser chaque année en novembre, dans le gymnase Pompidou, un concours sélectif pour le Championnat de France regroupant 360 tireurs de toute l&rsquo;Ile de France.</span></em></span></p>
<p>&nbsp;</p>
<p><em><span style="font-family: comic sans ms,sans-serif; font-size: 14pt; color: #0000b7;">Robin</span></em></p>

<p>La 1ère Compagnie d&rsquo;arc de Vincennes est la plus ancienne association sportive de Vincennes. Le procès-verbal de sa dissolution durant la révolution [&hellip;]</p>
