{"id":336,"date":"2016-11-02T19:06:18","date_gmt":"2016-11-02T18:06:18","guid":{"rendered":"http:\/\/www.1ciedarcdevincennes.fr\/?page_id=336"},"modified":"2017-12-03T21:04:29","modified_gmt":"2017-12-03T20:04:29","slug":"changement-de-la-ciblerie-au-gymnase-georges-pompidou","status":"publish","type":"page","link":"https:\/\/www.1ciedarcdevincennes.fr\/index.php\/actualites\/actualites-2016\/changement-de-la-ciblerie-au-gymnase-georges-pompidou\/","title":{"rendered":"Changement de la ciblerie au gymnase Georges Pompidou."},"content":{"rendered":"<p>&nbsp;<\/p>\n<p><span style=\"color: #000000;\"><em><span style=\"font-size: 14pt; font-family: 'comic sans ms', sans-serif;\">Les cibles mobiles, utilis\u00e9es tous les lundis (ainsi que pour notre tir en salle) au gymnase Georges Pompidou, pr\u00e9sentaient une d\u00e9gradation notable apr\u00e8s de nombreuses ann\u00e9es de manipulation hebdomadaire (il faut les sortir et les rentrer dans un local \u00e0 chaque fois). Il a donc fallu les remplacer. Les nouvelles cibles qui ont \u00e9t\u00e9 livr\u00e9es au gymnase en pi\u00e8ces d\u00e9tach\u00e9es, ont \u00e9t\u00e9 mont\u00e9es en un temps record en m\u00eame temps que les anciennes ont \u00e9t\u00e9 d\u00e9mont\u00e9es et r\u00e9cup\u00e9r\u00e9es par les archers de la Compagnie de Noisy-le-Grand qui les utiliseront sur un site ou elles seront moins d\u00e9plac\u00e9es.<\/span><\/em><\/span><\/p>\n<p>&nbsp;<\/p>\n<p><span style=\"color: #000000;\"><em><span style=\"font-size: 14pt; font-family: 'comic sans ms', sans-serif;\">Les vacances scolaires de la Toussaint ont \u00e9t\u00e9 mises \u00e0 profit pour cette op\u00e9ration qui aurait d\u00fb durer, au moins deux, voire trois ou quatre jours. Mais en fait, l&rsquo;\u00e9quipe de choc constitu\u00e9e de Michel Rougetet, Aim\u00e9 Edmont, Jean Louis Laupretre, Claude Bouissac, Jean-Claude Michel,\u00a0le jeune Stanislas Pancak, Jean-Yannick Pestel et Christian Boudinet, a fait tr\u00e8s fort puisqu&rsquo;elle\u00a0a r\u00e9ussi,\u00a0gr\u00e2ce\u00a0\u00e0 une efficacit\u00e9 remarquable, \u00e0 mettre en place la nouvelle ciblerie, \u00e0 donner la main \u00e0 Noisy pour le d\u00e9montage des anciennes, effectuer le tra\u00e7age pour l&rsquo;implantation des blasons en vue du tir en salle et nettoyer la salle, <u>tout cela en une seule journ\u00e9e<\/u>\u00a0!!!\u00a0 <\/span><\/em><\/span><\/p>\n<p>&nbsp;<\/p>\n<p><span style=\"color: #000000;\"><em><span style=\"font-size: 14pt; font-family: 'comic sans ms', sans-serif;\">Une performance due \u00e0 un travail d\u2019\u00e9quipe bien coordonn\u00e9 et sans rel\u00e2che.<\/span><\/em><\/span><\/p>\n<p><span style=\"color: #000000;\"><em><span style=\"font-size: 14pt; font-family: 'comic sans ms', sans-serif;\">Que chacun en soit remerci\u00e9.<\/span><\/em><\/span><\/p>\n<p>&nbsp;<\/p>\n<p><span style=\"color: #0000b7;\"><em><span style=\"font-size: 14pt; font-family: comic sans ms,sans-serif;\">Christian<\/span><\/em><\/span><\/p>\n<p>&nbsp;<\/p>\n","protected":false},"excerpt":{"rendered":"<p>&nbsp; Les cibles mobiles, utilis\u00e9es tous les lundis (ainsi que pour notre tir en salle) au gymnase Georges Pompidou, pr\u00e9sentaient une d\u00e9gradation [&hellip;]<\/p>\n","protected":false},"author":1,"featured_media":0,"parent":1127,"menu_order":0,"comment_status":"closed","ping_status":"closed","template":"page-templates\/page_fullwidth.php","meta":{"_mc_calendar":[]},"_links":{"self":[{"href":"https:\/\/www.1ciedarcdevincennes.fr\/index.php\/wp-json\/wp\/v2\/pages\/336"}],"collection":[{"href":"https:\/\/www.1ciedarcdevincennes.fr\/index.php\/wp-json\/wp\/v2\/pages"}],"about":[{"href":"https:\/\/www.1ciedarcdevincennes.fr\/index.php\/wp-json\/wp\/v2\/types\/page"}],"author":[{"embeddable":true,"href":"https:\/\/www.1ciedarcdevincennes.fr\/index.php\/wp-json\/wp\/v2\/users\/1"}],"replies":[{"embeddable":true,"href":"https:\/\/www.1ciedarcdevincennes.fr\/index.php\/wp-json\/wp\/v2\/comments?post=336"}],"version-history":[{"count":3,"href":"https:\/\/www.1ciedarcdevincennes.fr\/index.php\/wp-json\/wp\/v2\/pages\/336\/revisions"}],"predecessor-version":[{"id":381,"href":"https:\/\/www.1ciedarcdevincennes.fr\/index.php\/wp-json\/wp\/v2\/pages\/336\/revisions\/381"}],"up":[{"embeddable":true,"href":"https:\/\/www.1ciedarcdevincennes.fr\/index.php\/wp-json\/wp\/v2\/pages\/1127"}],"wp:attachment":[{"href":"https:\/\/www.1ciedarcdevincennes.fr\/index.php\/wp-json\/wp\/v2\/media?parent=336"}],"curies":[{"name":"wp","href":"https:\/\/api.w.org\/{rel}","templated":true}]}}