{"id":364,"date":"2016-11-08T19:41:24","date_gmt":"2016-11-08T18:41:24","guid":{"rendered":"http:\/\/www.1ciedarcdevincennes.fr\/?page_id=364"},"modified":"2017-12-03T21:05:26","modified_gmt":"2017-12-03T20:05:26","slug":"conference-a-venir","status":"publish","type":"page","link":"https:\/\/www.1ciedarcdevincennes.fr\/index.php\/actualites\/actualites-2016\/conference-a-venir\/","title":{"rendered":"Conf\u00e9rence"},"content":{"rendered":"<p><span style=\"color: #000000;\"><em><span style=\"font-size: 14pt; font-family: comic sans ms,sans-serif;\">Le 19 novembre 2016, \u00e0 la Maison des Associations, Robin Louvign\u00e9 a fait une conf\u00e9rence sur le th\u00e8me \u00ab\u00a0Archers d\u2019autrefois, archers d\u2019aujourd\u2019hui \u00e0 Vincennes\u00a0\u00bb.<\/span><\/em><\/span><\/p>\n<p>&nbsp;<\/p>\n<p><span style=\"color: #000000;\"><em><span style=\"font-size: 14pt; font-family: comic sans ms,sans-serif;\">En effet, depuis le Moyen Age, les archers et de fa\u00e7on g\u00e9n\u00e9rale l\u2019histoire de l\u2019archerie en France sont indissociables de Vincennes, de son bois, de son ch\u00e2teau, de sa commune.<\/span><\/em><\/span><\/p>\n<p>&nbsp;<\/p>\n<p><span style=\"color: #000000;\"><em><span style=\"font-size: 14pt; font-family: comic sans ms,sans-serif;\">La conf\u00e9rence \u00e9voquera la pr\u00e9sence des archers dans le ch\u00e2teau sous les diff\u00e9rents rois, et en particulier sous la domination Anglaise. Puis l\u2019existence des Chevaliers d\u2019Arc au sein du \u00ab\u00a0Noble jeu de l\u2019Arc\u00a0\u00bb au XVIII\u00e8me si\u00e8cle jusqu\u2019\u00e0 la r\u00e9volution. Et enfin la renaissance de la 1<sup>\u00e8re<\/sup> Compagnie d\u2019arc de Vincennes, la plus ancienne association de la ville, en pr\u00e9sentant ses temps forts, ses personnalit\u00e9s, son histoire, son avenir.<\/span><\/em><\/span><\/p>\n<p>&nbsp;<\/p>\n<p><span style=\"color: #0000db;\"><em><span style=\"font-family: comic sans ms,sans-serif; font-size: 14pt;\">Murielle<\/span><\/em><\/span><\/p>\n<p style=\"text-align: center;\"><a href=\"https:\/\/www.1ciedarcdevincennes.fr\/wp-content\/uploads\/2016\/11\/sdfcxv.jpg\"><img loading=\"lazy\" class=\"size-full wp-image-365 aligncenter\" src=\"https:\/\/www.1ciedarcdevincennes.fr\/wp-content\/uploads\/2016\/11\/sdfcxv.jpg\" alt=\"sdfcxv\" width=\"587\" height=\"782\" srcset=\"https:\/\/www.1ciedarcdevincennes.fr\/wp-content\/uploads\/2016\/11\/sdfcxv.jpg 587w, https:\/\/www.1ciedarcdevincennes.fr\/wp-content\/uploads\/2016\/11\/sdfcxv-225x300.jpg 225w, https:\/\/www.1ciedarcdevincennes.fr\/wp-content\/uploads\/2016\/11\/sdfcxv-230x306.jpg 230w, https:\/\/www.1ciedarcdevincennes.fr\/wp-content\/uploads\/2016\/11\/sdfcxv-350x466.jpg 350w, https:\/\/www.1ciedarcdevincennes.fr\/wp-content\/uploads\/2016\/11\/sdfcxv-480x639.jpg 480w\" sizes=\"(max-width: 587px) 100vw, 587px\" \/><\/a><\/p>\n<p style=\"text-align: center;\">\n","protected":false},"excerpt":{"rendered":"<p>Le 19 novembre 2016, \u00e0 la Maison des Associations, Robin Louvign\u00e9 a fait une conf\u00e9rence sur le th\u00e8me \u00ab\u00a0Archers d\u2019autrefois, archers d\u2019aujourd\u2019hui [&hellip;]<\/p>\n","protected":false},"author":1,"featured_media":0,"parent":1127,"menu_order":0,"comment_status":"closed","ping_status":"closed","template":"page-templates\/page_fullwidth.php","meta":{"_mc_calendar":[]},"_links":{"self":[{"href":"https:\/\/www.1ciedarcdevincennes.fr\/index.php\/wp-json\/wp\/v2\/pages\/364"}],"collection":[{"href":"https:\/\/www.1ciedarcdevincennes.fr\/index.php\/wp-json\/wp\/v2\/pages"}],"about":[{"href":"https:\/\/www.1ciedarcdevincennes.fr\/index.php\/wp-json\/wp\/v2\/types\/page"}],"author":[{"embeddable":true,"href":"https:\/\/www.1ciedarcdevincennes.fr\/index.php\/wp-json\/wp\/v2\/users\/1"}],"replies":[{"embeddable":true,"href":"https:\/\/www.1ciedarcdevincennes.fr\/index.php\/wp-json\/wp\/v2\/comments?post=364"}],"version-history":[{"count":4,"href":"https:\/\/www.1ciedarcdevincennes.fr\/index.php\/wp-json\/wp\/v2\/pages\/364\/revisions"}],"predecessor-version":[{"id":450,"href":"https:\/\/www.1ciedarcdevincennes.fr\/index.php\/wp-json\/wp\/v2\/pages\/364\/revisions\/450"}],"up":[{"embeddable":true,"href":"https:\/\/www.1ciedarcdevincennes.fr\/index.php\/wp-json\/wp\/v2\/pages\/1127"}],"wp:attachment":[{"href":"https:\/\/www.1ciedarcdevincennes.fr\/index.php\/wp-json\/wp\/v2\/media?parent=364"}],"curies":[{"name":"wp","href":"https:\/\/api.w.org\/{rel}","templated":true}]}}