{"id":398,"date":"2016-12-10T15:23:20","date_gmt":"2016-12-10T14:23:20","guid":{"rendered":"http:\/\/www.1ciedarcdevincennes.fr\/?page_id=398"},"modified":"2017-12-03T21:08:28","modified_gmt":"2017-12-03T20:08:28","slug":"tir-en-lhonneur-de-saint-sebastien","status":"publish","type":"page","link":"https:\/\/www.1ciedarcdevincennes.fr\/index.php\/actualites\/actualites-2017\/tir-en-lhonneur-de-saint-sebastien\/","title":{"rendered":"Tir en l&rsquo;honneur de Saint S\u00e9bastien"},"content":{"rendered":"<p style=\"text-align: center;\"><em><span style=\"font-size: 18pt; color: #000000;\"><strong><span style=\"font-family: 'comic sans ms', sans-serif;\">Dimanche 22 janvier 2017<\/span><\/strong><\/span><\/em><\/p>\n<p style=\"text-align: center;\"><em><span style=\"font-size: 14pt; font-family: 'comic sans ms', sans-serif; color: #0056b7;\">Tir Traditionnel<\/span><\/em><\/p>\n<p style=\"text-align: center;\"><em><span style=\"font-size: 14pt; font-family: 'comic sans ms', sans-serif; color: #0056b7;\">D\u00e9but des Tirs <\/span><\/em><\/p>\n<p style=\"text-align: center;\"><em><span style=\"font-size: 14pt; font-family: 'comic sans ms', sans-serif; color: #0056b7;\">9h30 pr\u00e9cises \u00e0 la Compagnie<\/span><\/em><\/p>\n<p style=\"text-align: center;\"><em><span style=\"font-size: 14pt; font-family: 'comic sans ms', sans-serif; color: #0056b7;\">Arcs Classiques \/ Arcs nus \/ Arcs sans viseur<\/span><\/em><\/p>\n<p style=\"text-align: center;\"><em><strong><span style=\"font-size: 14pt; font-family: 'comic sans ms', sans-serif; color: #0056b7;\">Pensez \u00e0 vous inscrire<\/span><\/strong><\/em><\/p>\n<p style=\"text-align: justify;\"><em><span style=\"font-size: 14pt; font-family: 'comic sans ms', sans-serif; color: #000000;\">Le Tir en l\u2019honneur de <span style=\"color: #00438e;\"><a style=\"color: #00438e;\" title=\"Le Saint Patron des Archers\" href=\"https:\/\/www.1ciedarcdevincennes.fr\/index.php\/saint-sebastien\/\">Saint-S\u00e9bastien<\/a><\/span>\u00a0s\u2019effectue sur une carte <span style=\"color: #00438e;\"><a style=\"color: #00438e;\" title=\"Tir Beursault\" href=\"https:\/\/www.1ciedarcdevincennes.fr\/index.php\/le-tir-beursault\/\">Beursault<\/a><\/span> d\u00e9cor\u00e9e, il r\u00e9unit tous les ans les archers de la compagnie et plusieurs distances de tir sont propos\u00e9es : 50 m\u00e8tres, 25 m\u00e8tres et 15 m\u00e8tres.<\/span><\/em><\/p>\n<p style=\"text-align: justify;\"><em><span style=\"font-size: 14pt; font-family: 'comic sans ms', sans-serif; color: #000000;\">Il aura lieu le 22 janvier 2017 et sera suivi d\u2019un bon repas.<\/span><\/em><\/p>\n<p style=\"text-align: justify;\"><em><span style=\"font-size: 14pt; font-family: 'comic sans ms', sans-serif; color: #000000;\">Les inscriptions au tir sont ouvertes \u00e0 la Compagnie, venez nombreux !\u00a0<\/span><\/em><\/p>\n","protected":false},"excerpt":{"rendered":"<p>Dimanche 22 janvier 2017 Tir Traditionnel D\u00e9but des Tirs 9h30 pr\u00e9cises \u00e0 la Compagnie Arcs Classiques \/ Arcs nus \/ Arcs sans [&hellip;]<\/p>\n","protected":false},"author":1,"featured_media":0,"parent":1130,"menu_order":0,"comment_status":"closed","ping_status":"closed","template":"page-templates\/page_fullwidth.php","meta":{"_mc_calendar":[]},"_links":{"self":[{"href":"https:\/\/www.1ciedarcdevincennes.fr\/index.php\/wp-json\/wp\/v2\/pages\/398"}],"collection":[{"href":"https:\/\/www.1ciedarcdevincennes.fr\/index.php\/wp-json\/wp\/v2\/pages"}],"about":[{"href":"https:\/\/www.1ciedarcdevincennes.fr\/index.php\/wp-json\/wp\/v2\/types\/page"}],"author":[{"embeddable":true,"href":"https:\/\/www.1ciedarcdevincennes.fr\/index.php\/wp-json\/wp\/v2\/users\/1"}],"replies":[{"embeddable":true,"href":"https:\/\/www.1ciedarcdevincennes.fr\/index.php\/wp-json\/wp\/v2\/comments?post=398"}],"version-history":[{"count":12,"href":"https:\/\/www.1ciedarcdevincennes.fr\/index.php\/wp-json\/wp\/v2\/pages\/398\/revisions"}],"predecessor-version":[{"id":424,"href":"https:\/\/www.1ciedarcdevincennes.fr\/index.php\/wp-json\/wp\/v2\/pages\/398\/revisions\/424"}],"up":[{"embeddable":true,"href":"https:\/\/www.1ciedarcdevincennes.fr\/index.php\/wp-json\/wp\/v2\/pages\/1130"}],"wp:attachment":[{"href":"https:\/\/www.1ciedarcdevincennes.fr\/index.php\/wp-json\/wp\/v2\/media?parent=398"}],"curies":[{"name":"wp","href":"https:\/\/api.w.org\/{rel}","templated":true}]}}