{"id":55,"date":"2016-09-27T21:54:33","date_gmt":"2016-09-27T19:54:33","guid":{"rendered":"http:\/\/www.1ciedarcdevincennes.fr\/?page_id=55"},"modified":"2020-09-04T21:42:48","modified_gmt":"2020-09-04T19:42:48","slug":"livret-daccueil","status":"publish","type":"page","link":"https:\/\/www.1ciedarcdevincennes.fr\/index.php\/la-compagnie\/livret-daccueil\/","title":{"rendered":"Livret d&rsquo;accueil"},"content":{"rendered":"<p><em><span style=\"font-family: 'comic sans ms', sans-serif; font-size: 14pt;\">Le livret d&rsquo;accueil est \u00e0 t\u00e9l\u00e9charger ci-dessous<\/span><\/em><\/p>\n<p><a href=\"https:\/\/www.1ciedarcdevincennes.fr\/wp-content\/uploads\/2020\/09\/livret-rentr\u00e9e.pdf\"><img loading=\"lazy\" class=\"aligncenter wp-image-270 size-full\" src=\"https:\/\/www.1ciedarcdevincennes.fr\/wp-content\/uploads\/2016\/09\/page-accueil-petit.png\" alt=\"page-accueil-petit\" width=\"227\" height=\"161\" \/><\/a><\/p>\n","protected":false},"excerpt":{"rendered":"<p>Le livret d&rsquo;accueil est \u00e0 t\u00e9l\u00e9charger ci-dessous<\/p>\n","protected":false},"author":1,"featured_media":0,"parent":45,"menu_order":0,"comment_status":"closed","ping_status":"closed","template":"page-templates\/page_fullwidth.php","meta":{"_mc_calendar":[]},"_links":{"self":[{"href":"https:\/\/www.1ciedarcdevincennes.fr\/index.php\/wp-json\/wp\/v2\/pages\/55"}],"collection":[{"href":"https:\/\/www.1ciedarcdevincennes.fr\/index.php\/wp-json\/wp\/v2\/pages"}],"about":[{"href":"https:\/\/www.1ciedarcdevincennes.fr\/index.php\/wp-json\/wp\/v2\/types\/page"}],"author":[{"embeddable":true,"href":"https:\/\/www.1ciedarcdevincennes.fr\/index.php\/wp-json\/wp\/v2\/users\/1"}],"replies":[{"embeddable":true,"href":"https:\/\/www.1ciedarcdevincennes.fr\/index.php\/wp-json\/wp\/v2\/comments?post=55"}],"version-history":[{"count":10,"href":"https:\/\/www.1ciedarcdevincennes.fr\/index.php\/wp-json\/wp\/v2\/pages\/55\/revisions"}],"predecessor-version":[{"id":2309,"href":"https:\/\/www.1ciedarcdevincennes.fr\/index.php\/wp-json\/wp\/v2\/pages\/55\/revisions\/2309"}],"up":[{"embeddable":true,"href":"https:\/\/www.1ciedarcdevincennes.fr\/index.php\/wp-json\/wp\/v2\/pages\/45"}],"wp:attachment":[{"href":"https:\/\/www.1ciedarcdevincennes.fr\/index.php\/wp-json\/wp\/v2\/media?parent=55"}],"curies":[{"name":"wp","href":"https:\/\/api.w.org\/{rel}","templated":true}]}}