{"id":594,"date":"2017-05-14T17:36:24","date_gmt":"2017-05-14T15:36:24","guid":{"rendered":"http:\/\/www.1ciedarcdevincennes.fr\/?page_id=594"},"modified":"2017-12-03T21:03:28","modified_gmt":"2017-12-03T20:03:28","slug":"bouquet-provincial-le-21-mai-2017","status":"publish","type":"page","link":"https:\/\/www.1ciedarcdevincennes.fr\/index.php\/actualites\/actualites-2017\/bouquet-provincial-le-21-mai-2017\/","title":{"rendered":"Bouquet Provincial le 21 Mai 2017"},"content":{"rendered":"<p style=\"text-align: justify;\"><span style=\"font-family: 'comic sans ms', sans-serif; font-size: 14pt; color: #000000;\">Le Bouquet Provincial est une f\u00eate traditionnelle pour le tir Beursault. Elle a lieu chaque ann\u00e9e entre Mai et Juin. Cette ann\u00e9e le bouquet est organis\u00e9 par la compagnie de Cond\u00e9 Sainte Libiaire (77) et la grande parade aura lieu le Dimanche 21 Mai 2017. Le Prix du Bouquet se d\u00e9roulera du vendredi 26 Mai au 10 Septembre 2017.<\/span><\/p>\n<p style=\"text-align: justify;\"><span style=\"font-family: 'comic sans ms', sans-serif; font-size: 14pt; color: #000000;\"><img loading=\"lazy\" class=\"cboxPhoto alignleft\" src=\"http:\/\/www.bouquetprovincial.fr\/images\/2017\/Affiche_bouquet_CONDE-2017.jpg\" width=\"327\" height=\"463\" \/><\/span><\/p>\n<p style=\"text-align: center;\"><span style=\"color: #000000;\"><span style=\"font-family: comic sans ms,sans-serif; font-size: 14pt;\"><img loading=\"lazy\" class=\"cboxPhoto alignright\" src=\"http:\/\/www.bouquetprovincial.fr\/images\/2017\/Carte-Bouquet-2017.jpg\" width=\"321\" height=\"451\" \/><\/span><span style=\"font-family: comic sans ms,sans-serif; font-size: 14pt;\"><u>Au programme de la parade\u00a0:<\/u><\/span><\/span><\/p>\n<p style=\"text-align: center;\"><span style=\"font-family: 'comic sans ms', sans-serif; font-size: 14pt; color: #000000;\">Rassemblement au Ch\u00e2teau de Cond\u00e9<\/span><\/p>\n<p style=\"text-align: center;\"><span style=\"font-family: 'comic sans ms', sans-serif; font-size: 14pt; color: #000000;\"><strong>8h00-12h00 :<\/strong> Accueil des Drapeaux<\/span><\/p>\n<p style=\"text-align: center;\"><span style=\"font-family: 'comic sans ms', sans-serif; font-size: 14pt; color: #000000;\"><strong>8h00-11h\u00a0:<\/strong><\/span><\/p>\n<p style=\"text-align: center;\"><span style=\"font-family: 'comic sans ms', sans-serif; font-size: 14pt; color: #000000;\">o\u00a0\u00a0 Tir aux assiettes<\/span><\/p>\n<p style=\"text-align: center;\"><span style=\"font-family: 'comic sans ms', sans-serif; font-size: 14pt; color: #000000;\">o\u00a0\u00a0 Tir \u00e0 la perche horizontale<\/span><\/p>\n<p style=\"text-align: center;\"><span style=\"font-family: 'comic sans ms', sans-serif; font-size: 14pt; color: #000000;\"><strong>11h\u00a0:<\/strong> \u00e9change des Bouquets<\/span><\/p>\n<p style=\"text-align: center;\"><span style=\"font-family: 'comic sans ms', sans-serif; font-size: 14pt; color: #000000;\"><strong>11h30\u00a0:<\/strong> d\u00e9p\u00f4t de gerbe au jeu d\u2019arc<\/span><\/p>\n<p style=\"text-align: center;\"><span style=\"font-family: 'comic sans ms', sans-serif; font-size: 14pt; color: #000000;\"><strong>13h30\u00a0:<\/strong> D\u00e9part de la parade<\/span><\/p>\n<p style=\"text-align: center;\"><span style=\"font-family: 'comic sans ms', sans-serif; font-size: 14pt; color: #000000;\"><strong>16h30 :<\/strong> Messe<\/span><\/p>\n<p style=\"text-align: center;\"><span style=\"font-family: 'comic sans ms', sans-serif; font-size: 14pt; color: #000000;\"><strong>16h30-18h00\u00a0:<\/strong> jeux m\u00e9di\u00e9vaux dans le parc du ch\u00e2teau<\/span><\/p>\n<p style=\"text-align: center;\"><span style=\"font-family: 'comic sans ms', sans-serif; font-size: 14pt; color: #000000;\">Venez nombreux\u00a0!<\/span><\/p>\n<p style=\"text-align: left;\"><span style=\"font-family: 'comic sans ms', sans-serif; font-size: 14pt; color: #000000;\">Plus d\u2019informations sur le site de l\u2019\u00e9v\u00e8nement\u00a0: <a style=\"color: #000000;\" href=\"http:\/\/www.bouquetprovincial.fr\/\">http:\/\/www.bouquetprovincial.fr\/<\/a><\/span><\/p>\n<p style=\"text-align: left;\"><span style=\"font-family: 'comic sans ms', sans-serif; font-size: 14pt; color: #000000;\">Egalement \u00e0 d\u00e9couvrir:<\/span><\/p>\n<ul>\n<li style=\"text-align: left;\"><span style=\"font-family: 'comic sans ms', sans-serif; font-size: 14pt; color: #000000;\"><a style=\"color: #000000;\" title=\"Bouquet Provincial\" href=\"https:\/\/www.1ciedarcdevincennes.fr\/index.php\/histoire-et-traditions\/bouquet-provincial\/\">Bouquet Provincial<\/a><\/span><\/li>\n<\/ul>\n<p>&nbsp;<\/p>\n","protected":false},"excerpt":{"rendered":"<p>Le Bouquet Provincial est une f\u00eate traditionnelle pour le tir Beursault. Elle a lieu chaque ann\u00e9e entre Mai et Juin. Cette ann\u00e9e [&hellip;]<\/p>\n","protected":false},"author":1,"featured_media":0,"parent":1130,"menu_order":0,"comment_status":"closed","ping_status":"closed","template":"page-templates\/page_fullwidth.php","meta":{"_mc_calendar":[]},"_links":{"self":[{"href":"https:\/\/www.1ciedarcdevincennes.fr\/index.php\/wp-json\/wp\/v2\/pages\/594"}],"collection":[{"href":"https:\/\/www.1ciedarcdevincennes.fr\/index.php\/wp-json\/wp\/v2\/pages"}],"about":[{"href":"https:\/\/www.1ciedarcdevincennes.fr\/index.php\/wp-json\/wp\/v2\/types\/page"}],"author":[{"embeddable":true,"href":"https:\/\/www.1ciedarcdevincennes.fr\/index.php\/wp-json\/wp\/v2\/users\/1"}],"replies":[{"embeddable":true,"href":"https:\/\/www.1ciedarcdevincennes.fr\/index.php\/wp-json\/wp\/v2\/comments?post=594"}],"version-history":[{"count":34,"href":"https:\/\/www.1ciedarcdevincennes.fr\/index.php\/wp-json\/wp\/v2\/pages\/594\/revisions"}],"predecessor-version":[{"id":800,"href":"https:\/\/www.1ciedarcdevincennes.fr\/index.php\/wp-json\/wp\/v2\/pages\/594\/revisions\/800"}],"up":[{"embeddable":true,"href":"https:\/\/www.1ciedarcdevincennes.fr\/index.php\/wp-json\/wp\/v2\/pages\/1130"}],"wp:attachment":[{"href":"https:\/\/www.1ciedarcdevincennes.fr\/index.php\/wp-json\/wp\/v2\/media?parent=594"}],"curies":[{"name":"wp","href":"https:\/\/api.w.org\/{rel}","templated":true}]}}