{"id":815,"date":"2017-09-27T20:23:17","date_gmt":"2017-09-27T18:23:17","guid":{"rendered":"http:\/\/www.1ciedarcdevincennes.fr\/?page_id=815"},"modified":"2017-12-03T21:07:52","modified_gmt":"2017-12-03T20:07:52","slug":"rentree-sportive-2017-2018","status":"publish","type":"page","link":"https:\/\/www.1ciedarcdevincennes.fr\/index.php\/actualites\/actualites-2017\/rentree-sportive-2017-2018\/","title":{"rendered":"Rentr\u00e9e sportive 2017-2018"},"content":{"rendered":"<p><span style=\"font-family: 'comic sans ms', sans-serif; font-size: 14pt;\">La rentr\u00e9e sportive d\u00e9marre, les premiers cours pour les d\u00e9butants et confirm\u00e9s ont d\u00e9j\u00e0 commenc\u00e9s.<\/span><\/p>\n<p><span style=\"font-family: 'comic sans ms', sans-serif; font-size: 14pt;\">Nous souhaitons la bienvenue aux nouveaux adh\u00e9rents qui rejoignent la 1\u00e8re Compagnie d&rsquo;Arc de Vincennes.<\/span><\/p>\n<p><span style=\"font-family: 'comic sans ms', sans-serif; font-size: 14pt;\">Nous rappelons que la r\u00e9union de rentr\u00e9e aura lieu le vendredi 6 octobre \u00e0 20h \u00e0 la compagnie.\u00a0<\/span><\/p>\n<p>&nbsp;<\/p>\n<p><span style=\"font-family: 'comic sans ms', sans-serif; font-size: 14pt;\">Nous d\u00e9clarons la saison sportive 2017-2018 ouverte ! Archers \u00e0 vos arcs !<\/span><\/p>\n","protected":false},"excerpt":{"rendered":"<p>La rentr\u00e9e sportive d\u00e9marre, les premiers cours pour les d\u00e9butants et confirm\u00e9s ont d\u00e9j\u00e0 commenc\u00e9s. Nous souhaitons la bienvenue aux nouveaux adh\u00e9rents [&hellip;]<\/p>\n","protected":false},"author":1,"featured_media":0,"parent":1130,"menu_order":0,"comment_status":"closed","ping_status":"closed","template":"page-templates\/page_fullwidth.php","meta":{"_mc_calendar":[]},"_links":{"self":[{"href":"https:\/\/www.1ciedarcdevincennes.fr\/index.php\/wp-json\/wp\/v2\/pages\/815"}],"collection":[{"href":"https:\/\/www.1ciedarcdevincennes.fr\/index.php\/wp-json\/wp\/v2\/pages"}],"about":[{"href":"https:\/\/www.1ciedarcdevincennes.fr\/index.php\/wp-json\/wp\/v2\/types\/page"}],"author":[{"embeddable":true,"href":"https:\/\/www.1ciedarcdevincennes.fr\/index.php\/wp-json\/wp\/v2\/users\/1"}],"replies":[{"embeddable":true,"href":"https:\/\/www.1ciedarcdevincennes.fr\/index.php\/wp-json\/wp\/v2\/comments?post=815"}],"version-history":[{"count":2,"href":"https:\/\/www.1ciedarcdevincennes.fr\/index.php\/wp-json\/wp\/v2\/pages\/815\/revisions"}],"predecessor-version":[{"id":818,"href":"https:\/\/www.1ciedarcdevincennes.fr\/index.php\/wp-json\/wp\/v2\/pages\/815\/revisions\/818"}],"up":[{"embeddable":true,"href":"https:\/\/www.1ciedarcdevincennes.fr\/index.php\/wp-json\/wp\/v2\/pages\/1130"}],"wp:attachment":[{"href":"https:\/\/www.1ciedarcdevincennes.fr\/index.php\/wp-json\/wp\/v2\/media?parent=815"}],"curies":[{"name":"wp","href":"https:\/\/api.w.org\/{rel}","templated":true}]}}