{"id":91,"date":"2016-09-27T22:02:00","date_gmt":"2016-09-27T20:02:00","guid":{"rendered":"http:\/\/www.1ciedarcdevincennes.fr\/?page_id=91"},"modified":"2022-05-28T17:10:14","modified_gmt":"2022-05-28T15:10:14","slug":"mandats-dile-de-france","status":"publish","type":"page","link":"https:\/\/www.1ciedarcdevincennes.fr\/index.php\/concours\/mandats-dile-de-france\/","title":{"rendered":"Mandats d&rsquo;Ile de France"},"content":{"rendered":"<p>Les mandats des comp\u00e9titions d&rsquo;Ile de France sont disponibles sur le site du Comit\u00e9 de tir \u00e0 l&rsquo;arc d&rsquo;Ile de France tiralarcidf.com.<\/p>\n","protected":false},"excerpt":{"rendered":"<p>Les mandats des comp\u00e9titions d&rsquo;Ile de France sont disponibles sur le site du Comit\u00e9 de tir \u00e0 l&rsquo;arc d&rsquo;Ile de France tiralarcidf.com.<\/p>\n","protected":false},"author":1,"featured_media":0,"parent":83,"menu_order":0,"comment_status":"closed","ping_status":"closed","template":"page-templates\/page_fullwidth.php","meta":{"_mc_calendar":[]},"_links":{"self":[{"href":"https:\/\/www.1ciedarcdevincennes.fr\/index.php\/wp-json\/wp\/v2\/pages\/91"}],"collection":[{"href":"https:\/\/www.1ciedarcdevincennes.fr\/index.php\/wp-json\/wp\/v2\/pages"}],"about":[{"href":"https:\/\/www.1ciedarcdevincennes.fr\/index.php\/wp-json\/wp\/v2\/types\/page"}],"author":[{"embeddable":true,"href":"https:\/\/www.1ciedarcdevincennes.fr\/index.php\/wp-json\/wp\/v2\/users\/1"}],"replies":[{"embeddable":true,"href":"https:\/\/www.1ciedarcdevincennes.fr\/index.php\/wp-json\/wp\/v2\/comments?post=91"}],"version-history":[{"count":17,"href":"https:\/\/www.1ciedarcdevincennes.fr\/index.php\/wp-json\/wp\/v2\/pages\/91\/revisions"}],"predecessor-version":[{"id":2424,"href":"https:\/\/www.1ciedarcdevincennes.fr\/index.php\/wp-json\/wp\/v2\/pages\/91\/revisions\/2424"}],"up":[{"embeddable":true,"href":"https:\/\/www.1ciedarcdevincennes.fr\/index.php\/wp-json\/wp\/v2\/pages\/83"}],"wp:attachment":[{"href":"https:\/\/www.1ciedarcdevincennes.fr\/index.php\/wp-json\/wp\/v2\/media?parent=91"}],"curies":[{"name":"wp","href":"https:\/\/api.w.org\/{rel}","templated":true}]}}