{"id":998,"date":"2017-11-13T22:13:24","date_gmt":"2017-11-13T21:13:24","guid":{"rendered":"http:\/\/www.1ciedarcdevincennes.fr\/?page_id=998"},"modified":"2017-12-03T21:09:51","modified_gmt":"2017-12-03T20:09:51","slug":"resultats-concours-salle-2017","status":"publish","type":"page","link":"https:\/\/www.1ciedarcdevincennes.fr\/index.php\/actualites\/actualites-2017\/resultats-concours-salle-2017\/","title":{"rendered":"R\u00e9sultats Concours Salle 2017"},"content":{"rendered":"<p style=\"text-align: justify;\"><span style=\"font-family: comic sans ms,sans-serif; font-size: 14pt;\">Mesdames, Messieurs les archers, je vous salue<\/span><\/p>\n<p style=\"text-align: justify;\"><span style=\"color: #ffffff; font-family: comic sans ms,sans-serif; font-size: 14pt;\">&#8211;<\/span><\/p>\n<p style=\"text-align: justify;\"><span style=\"font-family: comic sans ms,sans-serif; font-size: 14pt;\">Le 4 et 5 Novembre s&rsquo;est tenu notre concours salle 2017 au gymnase Pompidou. Nous avons eu le plaisir d&rsquo;accueillir sur 6 d\u00e9parts 262 comp\u00e9titeurs qui ont repr\u00e9sent\u00e9s 45 compagnies et clubs diff\u00e9rents. C&rsquo;est aussi 27 \u00e9quipes toutes cat\u00e9gories confondues qui ont \u00e9t\u00e9 pr\u00e9sent\u00e9es. Mais notre concours salle c&rsquo;est \u00e9alement 82 baguettes utilis\u00e9es pour pr\u00e9parer les sandwichs de la buvette\u00a0!<\/span><\/p>\n<p style=\"text-align: justify;\"><span style=\"color: #ffffff; font-family: comic sans ms,sans-serif; font-size: 14pt;\">&#8211;<\/span><\/p>\n<p style=\"text-align: justify;\"><span style=\"color: #ffffff; font-family: comic sans ms,sans-serif; font-size: 14pt;\"><img loading=\"lazy\" class=\"wp-image-1012 alignleft\" src=\"https:\/\/www.1ciedarcdevincennes.fr\/wp-content\/uploads\/2017\/11\/IMG-20171104-WA0010-300x169.jpg\" alt=\"IMG-20171104-WA0010\" width=\"438\" height=\"247\" srcset=\"https:\/\/www.1ciedarcdevincennes.fr\/wp-content\/uploads\/2017\/11\/IMG-20171104-WA0010-300x169.jpg 300w, https:\/\/www.1ciedarcdevincennes.fr\/wp-content\/uploads\/2017\/11\/IMG-20171104-WA0010-768x432.jpg 768w, https:\/\/www.1ciedarcdevincennes.fr\/wp-content\/uploads\/2017\/11\/IMG-20171104-WA0010-1024x576.jpg 1024w, https:\/\/www.1ciedarcdevincennes.fr\/wp-content\/uploads\/2017\/11\/IMG-20171104-WA0010-830x467.jpg 830w, https:\/\/www.1ciedarcdevincennes.fr\/wp-content\/uploads\/2017\/11\/IMG-20171104-WA0010-230x129.jpg 230w, https:\/\/www.1ciedarcdevincennes.fr\/wp-content\/uploads\/2017\/11\/IMG-20171104-WA0010-350x197.jpg 350w, https:\/\/www.1ciedarcdevincennes.fr\/wp-content\/uploads\/2017\/11\/IMG-20171104-WA0010-480x270.jpg 480w, https:\/\/www.1ciedarcdevincennes.fr\/wp-content\/uploads\/2017\/11\/IMG-20171104-WA0010.jpg 1600w\" sizes=\"(max-width: 438px) 100vw, 438px\" \/><img loading=\"lazy\" class=\" wp-image-1015 alignright\" src=\"https:\/\/www.1ciedarcdevincennes.fr\/wp-content\/uploads\/2017\/11\/IMG-20171104-WA0022-300x169.jpg\" alt=\"IMG-20171104-WA0022\" width=\"438\" height=\"247\" srcset=\"https:\/\/www.1ciedarcdevincennes.fr\/wp-content\/uploads\/2017\/11\/IMG-20171104-WA0022-300x169.jpg 300w, https:\/\/www.1ciedarcdevincennes.fr\/wp-content\/uploads\/2017\/11\/IMG-20171104-WA0022-768x432.jpg 768w, https:\/\/www.1ciedarcdevincennes.fr\/wp-content\/uploads\/2017\/11\/IMG-20171104-WA0022-1024x576.jpg 1024w, https:\/\/www.1ciedarcdevincennes.fr\/wp-content\/uploads\/2017\/11\/IMG-20171104-WA0022-830x467.jpg 830w, https:\/\/www.1ciedarcdevincennes.fr\/wp-content\/uploads\/2017\/11\/IMG-20171104-WA0022-230x129.jpg 230w, https:\/\/www.1ciedarcdevincennes.fr\/wp-content\/uploads\/2017\/11\/IMG-20171104-WA0022-350x197.jpg 350w, https:\/\/www.1ciedarcdevincennes.fr\/wp-content\/uploads\/2017\/11\/IMG-20171104-WA0022-480x270.jpg 480w, https:\/\/www.1ciedarcdevincennes.fr\/wp-content\/uploads\/2017\/11\/IMG-20171104-WA0022.jpg 1600w\" sizes=\"(max-width: 438px) 100vw, 438px\" \/><\/span><\/p>\n<p style=\"text-align: justify;\"><span style=\"color: #ffffff;\">&#8211;<\/span><\/p>\n<p style=\"text-align: justify;\"><span style=\"color: #ffffff;\">&#8211;<\/span><\/p>\n<p style=\"text-align: justify;\"><span style=\"color: #ffffff;\">&#8211;<\/span><\/p>\n<p style=\"text-align: justify;\"><span style=\"color: #ffffff;\">&#8211;<\/span><\/p>\n<p style=\"text-align: justify;\"><span style=\"color: #ffffff;\">&#8211;<\/span><\/p>\n<p style=\"text-align: justify;\"><span style=\"color: #ffffff;\">&#8211;<\/span><\/p>\n<p style=\"text-align: justify;\"><span style=\"color: #ffffff;\">&#8211;<\/span><\/p>\n<p style=\"text-align: justify;\"><span style=\"color: #ffffff;\">&#8211;<\/span><\/p>\n<p style=\"text-align: justify;\"><span style=\"font-family: comic sans ms,sans-serif; font-size: 14pt;\">Cette ann\u00e9e ce n&rsquo;est pas une mais deux Compagnies qui ont \u00e9t\u00e9 le plus repr\u00e9sent\u00e9s avec chacune 22 archers inscrits\u00a0: la Compagnie des 3 Lys et l&rsquo;USMT Paris 13. Paris Archers \u00e9tait \u00e9galement bien repr\u00e9sent\u00e9 avec 21 archers inscrits.<\/span><\/p>\n<p style=\"text-align: justify;\"><span style=\"color: #ffffff; font-family: comic sans ms,sans-serif; font-size: 14pt;\">&#8211;<\/span><\/p>\n<p style=\"text-align: justify;\"><span style=\"font-family: comic sans ms,sans-serif; font-size: 14pt;\"><img loading=\"lazy\" class=\"alignright wp-image-1035 \" src=\"https:\/\/www.1ciedarcdevincennes.fr\/wp-content\/uploads\/2017\/11\/Meilleure-fl\u00e8che-Vincennes-2017-e1510607137911-243x300.jpg\" alt=\"Meilleure fl\u00e8che Vincennes 2017\" width=\"188\" height=\"232\" srcset=\"https:\/\/www.1ciedarcdevincennes.fr\/wp-content\/uploads\/2017\/11\/Meilleure-fl\u00e8che-Vincennes-2017-e1510607137911-243x300.jpg 243w, https:\/\/www.1ciedarcdevincennes.fr\/wp-content\/uploads\/2017\/11\/Meilleure-fl\u00e8che-Vincennes-2017-e1510607137911-768x948.jpg 768w, https:\/\/www.1ciedarcdevincennes.fr\/wp-content\/uploads\/2017\/11\/Meilleure-fl\u00e8che-Vincennes-2017-e1510607137911-230x284.jpg 230w, https:\/\/www.1ciedarcdevincennes.fr\/wp-content\/uploads\/2017\/11\/Meilleure-fl\u00e8che-Vincennes-2017-e1510607137911-350x432.jpg 350w, https:\/\/www.1ciedarcdevincennes.fr\/wp-content\/uploads\/2017\/11\/Meilleure-fl\u00e8che-Vincennes-2017-e1510607137911-480x592.jpg 480w, https:\/\/www.1ciedarcdevincennes.fr\/wp-content\/uploads\/2017\/11\/Meilleure-fl\u00e8che-Vincennes-2017-e1510607137911.jpg 804w\" sizes=\"(max-width: 188px) 100vw, 188px\" \/>Un grand bravo \u00e9galement aux Archers qui ont su tirer leur \u00e9pingle du jeu lors du Tir de la meilleure fl\u00e8che\u00a0:<\/span><\/p>\n<ul style=\"text-align: justify;\">\n<li><span style=\"font-family: comic sans ms,sans-serif; font-size: 14pt;\">Erwan Peron de Paris Arc Club en classique<\/span><\/li>\n<li><span style=\"font-family: comic sans ms,sans-serif; font-size: 14pt;\">Jean Luc Lop\u00e8s de Aulnay-Sous-Bois en compound<\/span><\/li>\n<\/ul>\n<p style=\"text-align: justify;\"><span style=\"font-family: comic sans ms,sans-serif; font-size: 14pt;\">Quelques r\u00e9sultats marquant de ce weekend\u00a0:<\/span><\/p>\n<ul style=\"text-align: justify;\">\n<li><span style=\"font-family: comic sans ms,sans-serif; font-size: 14pt;\">En arc classique 510 chez les cadets et 561 chez les seniors Hommes\u00a0<\/span><\/li>\n<li><span style=\"font-family: comic sans ms,sans-serif; font-size: 14pt;\">En arc \u00e0\u00a0 poulies 561 chez les seniors<\/span><\/li>\n<li><span style=\"font-family: comic sans ms,sans-serif; font-size: 14pt;\">En arc droit 465 pour la cat\u00e9gorie Hommes<\/span><\/li>\n<\/ul>\n<p style=\"text-align: justify;\"><span style=\"color: #ffffff; font-family: comic sans ms,sans-serif; font-size: 14pt;\">&#8211;<\/span><\/p>\n<p style=\"text-align: justify;\"><span style=\"font-family: comic sans ms,sans-serif; font-size: 14pt;\"><img loading=\"lazy\" class=\" wp-image-1034 alignleft\" src=\"https:\/\/www.1ciedarcdevincennes.fr\/wp-content\/uploads\/2017\/11\/Meilleure-\u00e9quipe-Hommes-Vincennes-2017-300x169.jpg\" alt=\"Meilleure \u00e9quipe Hommes Vincennes 2017\" width=\"360\" height=\"203\" srcset=\"https:\/\/www.1ciedarcdevincennes.fr\/wp-content\/uploads\/2017\/11\/Meilleure-\u00e9quipe-Hommes-Vincennes-2017-300x169.jpg 300w, https:\/\/www.1ciedarcdevincennes.fr\/wp-content\/uploads\/2017\/11\/Meilleure-\u00e9quipe-Hommes-Vincennes-2017-768x432.jpg 768w, https:\/\/www.1ciedarcdevincennes.fr\/wp-content\/uploads\/2017\/11\/Meilleure-\u00e9quipe-Hommes-Vincennes-2017-1024x576.jpg 1024w, https:\/\/www.1ciedarcdevincennes.fr\/wp-content\/uploads\/2017\/11\/Meilleure-\u00e9quipe-Hommes-Vincennes-2017-830x467.jpg 830w, https:\/\/www.1ciedarcdevincennes.fr\/wp-content\/uploads\/2017\/11\/Meilleure-\u00e9quipe-Hommes-Vincennes-2017-230x129.jpg 230w, https:\/\/www.1ciedarcdevincennes.fr\/wp-content\/uploads\/2017\/11\/Meilleure-\u00e9quipe-Hommes-Vincennes-2017-350x197.jpg 350w, https:\/\/www.1ciedarcdevincennes.fr\/wp-content\/uploads\/2017\/11\/Meilleure-\u00e9quipe-Hommes-Vincennes-2017-480x270.jpg 480w, https:\/\/www.1ciedarcdevincennes.fr\/wp-content\/uploads\/2017\/11\/Meilleure-\u00e9quipe-Hommes-Vincennes-2017.jpg 1600w\" sizes=\"(max-width: 360px) 100vw, 360px\" \/>F\u00e9licitation \u00e0\u00a0 Damien Bister qui met \u00e0\u00a0 l&rsquo;honneur la 1<sup>\u00e8re <\/sup>Compagnie de Vincennes en finissant \u00e0\u00a0 la 3<sup>\u00e8me<\/sup> place de la cat\u00e9gorie s\u00e9nior Homme, arc classique avec 543 points. Un grand bravo \u00e0 Damien Bister, Rodolphe Choquet, Florent Gagneur et J\u00e9r\u00f4me Thomasson qui ont remport\u00e9s la coupe de la meilleure \u00e9quipe Homme.<\/span><\/p>\n<p style=\"text-align: justify;\"><span style=\"color: #ffffff; font-family: comic sans ms,sans-serif; font-size: 14pt;\">&#8211;<\/span><\/p>\n<p style=\"text-align: justify;\"><span style=\"font-family: comic sans ms,sans-serif; font-size: 14pt;\">Le classement complet du concours est disponible sur le lien suivant\u00a0: <a title=\"R\u00e9sultats concours Salle 2017\" href=\"https:\/\/www.1ciedarcdevincennes.fr\/wp-content\/uploads\/2017\/11\/Classement-Qualificatif2017-1.pdf\">R\u00e9sultats concours Salle 2017<\/a><\/span><\/p>\n<p style=\"text-align: justify;\"><span style=\"color: #ffffff; font-family: comic sans ms,sans-serif; font-size: 14pt;\">&#8211;<\/span><\/p>\n<p style=\"text-align: justify;\"><span style=\"font-family: comic sans ms,sans-serif; font-size: 14pt;\">Nous remercions chaleureusement tous les participants (arbitres, comp\u00e9titeurs, coaches, &#8230;) pour leur pr\u00e9sence et leur bonne humeur lors de ce concours. Nous tenons \u00e9galement \u00e0 remercie la Municipalit\u00e9 de Vincennes pour la mise \u00e0 disposition du gymnase et le personnel du service des sports et de la vie associative de Vincennes pour leur aide.<\/span><\/p>\n<p style=\"text-align: justify;\"><span style=\"color: #ffffff; font-family: comic sans ms,sans-serif; font-size: 14pt;\">&#8211;<\/span><\/p>\n<p style=\"text-align: justify;\"><span style=\"font-family: comic sans ms,sans-serif; font-size: 14pt;\">Nous esp\u00e9rons vous revoir nombreux sur les pas de tirs l&rsquo;ann\u00e9e prochaine\u00a0!<\/span><\/p>\n<p style=\"text-align: justify;\"><span style=\"color: #ffffff;\">&#8211;<\/span><\/p>\n<p style=\"text-align: justify;\"><span style=\"font-family: comic sans ms,sans-serif; font-size: 14pt;\"><a href=\"https:\/\/www.1ciedarcdevincennes.fr\/index.php\/galerie-de-photos\/photos-concours-salle-2017\/\">Plus de photos ici<\/a><\/span><\/p>\n<p>&nbsp;<\/p>\n","protected":false},"excerpt":{"rendered":"<p>Mesdames, Messieurs les archers, je vous salue &#8211; Le 4 et 5 Novembre s&rsquo;est tenu notre concours salle 2017 au gymnase Pompidou. [&hellip;]<\/p>\n","protected":false},"author":1,"featured_media":0,"parent":1130,"menu_order":0,"comment_status":"closed","ping_status":"closed","template":"page-templates\/page_fullwidth.php","meta":{"_mc_calendar":[]},"_links":{"self":[{"href":"https:\/\/www.1ciedarcdevincennes.fr\/index.php\/wp-json\/wp\/v2\/pages\/998"}],"collection":[{"href":"https:\/\/www.1ciedarcdevincennes.fr\/index.php\/wp-json\/wp\/v2\/pages"}],"about":[{"href":"https:\/\/www.1ciedarcdevincennes.fr\/index.php\/wp-json\/wp\/v2\/types\/page"}],"author":[{"embeddable":true,"href":"https:\/\/www.1ciedarcdevincennes.fr\/index.php\/wp-json\/wp\/v2\/users\/1"}],"replies":[{"embeddable":true,"href":"https:\/\/www.1ciedarcdevincennes.fr\/index.php\/wp-json\/wp\/v2\/comments?post=998"}],"version-history":[{"count":23,"href":"https:\/\/www.1ciedarcdevincennes.fr\/index.php\/wp-json\/wp\/v2\/pages\/998\/revisions"}],"predecessor-version":[{"id":1065,"href":"https:\/\/www.1ciedarcdevincennes.fr\/index.php\/wp-json\/wp\/v2\/pages\/998\/revisions\/1065"}],"up":[{"embeddable":true,"href":"https:\/\/www.1ciedarcdevincennes.fr\/index.php\/wp-json\/wp\/v2\/pages\/1130"}],"wp:attachment":[{"href":"https:\/\/www.1ciedarcdevincennes.fr\/index.php\/wp-json\/wp\/v2\/media?parent=998"}],"curies":[{"name":"wp","href":"https:\/\/api.w.org\/{rel}","templated":true}]}}